{"id":110,"date":"2014-02-01T09:17:17","date_gmt":"2014-02-01T08:17:17","guid":{"rendered":"https:\/\/pmza.sk.sk\/pl\/?post_type=product&#038;p=110"},"modified":"2022-11-07T10:21:22","modified_gmt":"2022-11-07T09:21:22","slug":"vlastivedny-zbornik-povazia-xxvi","status":"publish","type":"product","link":"https:\/\/pmza.sk\/?product=vlastivedny-zbornik-povazia-xxvi","title":{"rendered":"Vlastivedn\u00fd zborn\u00edk Pova\u017eia XXVI"},"content":{"rendered":"<p><strong>Vlastivedn\u00fd zborn\u00edk Pova\u017eia XXVI<\/strong><\/p>\n<p>rozmery: 16 x 23,5 cm, bro\u017eovan\u00e1 v\u00e4zba, 258 str\u00e1n<\/p>\n<p>Vlastivedn\u00fd zborn\u00edk Pova\u017eia predstavuje jeden z najstar\u0161\u00edch odborn\u00fdch zborn\u00edkov zameran\u00fdch na region\u00e1lnu vlastivedu. Prin\u00e1\u0161a aktu\u00e1lne odborn\u00e9 \u0161t\u00fadie t\u00fdkaj\u00face sa \u00fazemia horn\u00e9ho Pova\u017eia (okresy \u017dilina, Byt\u010da), ktor\u00fdch autormi s\u00fa odborn\u00ed pracovn\u00edci Pova\u017esk\u00e9ho m\u00fazea v \u017diline a extern\u00ed spolupracovn\u00edci Pova\u017esk\u00e9ho m\u00fazea. Okrem \u0161t\u00fadi\u00ed obsahuje i recenzie, spomienky a in\u00e9 \u010dasti.<\/p>\n<p><strong>Obsah:<\/strong><\/p>\n<p>STANEKOV\u00c1, Z.: S\u00eddliskov\u00e1 aglomer\u00e1cia v Divinke so zrete\u013eom na s\u00eddlisko Ohr\u00e1dza<\/p>\n<p>MAJER\u010c\u00cdKOV\u00c1, D.: Hromadn\u00fd n\u00e1lez po\u013enohospod\u00e1rskych n\u00e1strojov z hradiska na Ve\u013ekom vrchu pri Divinke<\/p>\n<p>SLAN\u00c1, A.: \u00daprava priestoru pod mohylami vo v\u010dasnom stredoveku na severoz\u00e1padnom Slovensku<\/p>\n<p>MORAV\u010c\u00cdK, J.: \u017dilinsk\u00fd hrad v historick\u00fdch prame\u0148och a archeologick\u00fdch v\u00fdskumoch<\/p>\n<p>PAR\u00c1\u010cOV\u00c1, A.: \u017dilinsk\u00e9 pr\u00e1vo na Kysuciach<\/p>\n<p>\u0160IMKO, P.: Cestn\u00e1 doprava v okrese \u017dilina v obdob\u00ed 1918 &#8211; 1945<\/p>\n<p>BIELIK, J.: Kaviarne v \u017diline v rokoch 1918 &#8211; 1945<\/p>\n<p>SOBOLA, M.: \u013dudov\u00e1 architekt\u00fara a stavite\u013estvo v doline Divinsk\u00e9ho potoka a jeho pr\u00edtokov<\/p>\n<p>URBANOV\u00c1, V.: Teplomiln\u00e9 porasty s mrvicou perovitou\u00a0<em>Scabioso ochroleucae-Brachypodietum pinnati<\/em>\u00a0Klika 1933 v Rajeckej kotline<\/p>\n<p>SKUK\u00c1LEK, J.: Roz\u0161\u00edrenie vstava\u010dovit\u00fdch v katastr\u00e1lnom \u00fazem\u00ed obce Kol\u00e1rovice (Javorn\u00edky)<\/p>\n<p>HL\u00d4\u0160KA, L.: \u0160truktur\u00e1lne a priestorov\u00e9 zmeny lok\u00e1lnych popul\u00e1ci\u00ed drobn\u00fdch zemn\u00fdch cicavcov (<em>Rodentia, Soricimorpha<\/em>) v lokalite T\u00ed\u017einka (NP Mal\u00e1 Fatra)<\/p>\n<p>PEPICH, P. &amp; PEPICH, K.: Stanovenie pribli\u017enej vekovej a soci\u00e1lnej \u0161trukt\u00fary druhu medve\u010f hned\u00fd (<em>ursus arctos<\/em>) v CHKO Str\u00e1\u017eovsk\u00e9 vrchy na z\u00e1klade met\u00f3dy celoro\u010dn\u00e9ho monitoringu stopov\u00fdch dr\u00e1h a stopov\u00fdch odtla\u010dkov<\/p>\n<p>PEPICH, P. &amp; PEPICH, K.: Aktivita medve\u010fa hned\u00e9ho (<em>ursus arctos<\/em>) v Str\u00e1\u017eovsk\u00fdch vrchoch<\/p>\n<p>KENDROV\u00c1, K.: Spomienky Imricha Tarar\u00edka na \u010dasy drot\u00e1rske<\/p>\n<p>MORAV\u010c\u00cdK, J.: Michal Bada: \u017divot v \u017diline v zrkadle jej mestskej knihy. Ka\u017edodennos\u0165 \u017dilin\u010danov na z\u00e1klade anal\u00fdzy z\u00e1pisov \u017dilinskej mestskej knihy na prelome stredoveku a ran\u00e9ho novoveku (recenzia)<\/p>\n<p>SAKALOV\u00c1, J.: Kni\u017enica Pova\u017esk\u00e9ho m\u00fazea v \u017diline<\/p>\n<p>STARINSK\u00c1, M.: Depozit\u00e1re a ulo\u017eenie zbierok v Pova\u017eskom m\u00fazeu v \u017diline<\/p>\n<p>ZUSKIBOV\u00c1, I.: Inova\u010dn\u00e9 procesy v pr\u00e1ci Liptovsk\u00e9ho m\u00fazea v Ru\u017eomberku<\/p>\n<p>ILENINOV\u00c1, K.: Kreativita a inov\u00e1cia v prezenta\u010dnej \u010dinnosti Oravsk\u00e9ho m\u00fazea<\/p>\n<p>BRZIAKOV\u00c1, A. &#8211; MAR\u0160ALOV\u00c1, A.: Kedy sme a kedy nie sme trendy m\u00fazeum?<\/p>\n<p>HL\u00d4\u0160KA, L.: Modern\u00e9 ekologick\u00e9 met\u00f3dy v m\u00fazejnej zool\u00f3gii<\/p>\n<p>\u0160IMKO, P.: M\u00fazeum s pridru\u017eenou v\u00fdrobou.<\/p>\n","protected":false},"excerpt":{"rendered":"<p>Vlastivedn\u00fd zborn\u00edk Pova\u017eia XXVI rozmery: 16 x 23,5 cm, bro\u017eovan\u00e1 v\u00e4zba, 258 str\u00e1n Vlastivedn\u00fd zborn\u00edk Pova\u017eia predstavuje jeden z najstar\u0161\u00edch odborn\u00fdch zborn\u00edkov zameran\u00fdch na region\u00e1lnu vlastivedu. Prin\u00e1\u0161a aktu\u00e1lne odborn\u00e9 \u0161t\u00fadie t\u00fdkaj\u00face sa \u00fazemia horn\u00e9ho Pova\u017eia (okresy \u017dilina, Byt\u010da), ktor\u00fdch autormi s\u00fa odborn\u00ed pracovn\u00edci Pova\u017esk\u00e9ho m\u00fazea v \u017diline a extern\u00ed spolupracovn\u00edci Pova\u017esk\u00e9ho m\u00fazea. Okrem \u0161t\u00fadi\u00ed obsahuje [&hellip;]<\/p>\n","protected":false},"featured_media":34077,"template":"","meta":{"site-sidebar-layout":"default","site-content-layout":"","ast-site-content-layout":"","site-content-style":"default","site-sidebar-style":"default","ast-global-header-display":"","ast-banner-title-visibility":"","ast-main-header-display":"","ast-hfb-above-header-display":"","ast-hfb-below-header-display":"","ast-hfb-mobile-header-display":"","site-post-title":"","ast-breadcrumbs-content":"","ast-featured-img":"","footer-sml-layout":"","theme-transparent-header-meta":"","adv-header-id-meta":"","stick-header-meta":"","header-above-stick-meta":"","header-main-stick-meta":"","header-below-stick-meta":"","astra-migrate-meta-layouts":"default","ast-page-background-enabled":"default","ast-page-background-meta":{"desktop":{"background-color":"var(--ast-global-color-4)","background-image":"","background-repeat":"repeat","background-position":"center center","background-size":"auto","background-attachment":"scroll","background-type":"","background-media":"","overlay-type":"","overlay-color":"","overlay-opacity":"","overlay-gradient":""},"tablet":{"background-color":"","background-image":"","background-repeat":"repeat","background-position":"center center","background-size":"auto","background-attachment":"scroll","background-type":"","background-media":"","overlay-type":"","overlay-color":"","overlay-opacity":"","overlay-gradient":""},"mobile":{"background-color":"","background-image":"","background-repeat":"repeat","background-position":"center center","background-size":"auto","background-attachment":"scroll","background-type":"","background-media":"","overlay-type":"","overlay-color":"","overlay-opacity":"","overlay-gradient":""}},"ast-content-background-meta":{"desktop":{"background-color":"var(--ast-global-color-5)","background-image":"","background-repeat":"repeat","background-position":"center center","background-size":"auto","background-attachment":"scroll","background-type":"","background-media":"","overlay-type":"","overlay-color":"","overlay-opacity":"","overlay-gradient":""},"tablet":{"background-color":"var(--ast-global-color-5)","background-image":"","background-repeat":"repeat","background-position":"center center","background-size":"auto","background-attachment":"scroll","background-type":"","background-media":"","overlay-type":"","overlay-color":"","overlay-opacity":"","overlay-gradient":""},"mobile":{"background-color":"var(--ast-global-color-5)","background-image":"","background-repeat":"repeat","background-position":"center center","background-size":"auto","background-attachment":"scroll","background-type":"","background-media":"","overlay-type":"","overlay-color":"","overlay-opacity":"","overlay-gradient":""}}},"product_cat":[22],"product_tag":[],"class_list":{"0":"post-110","1":"product","2":"type-product","3":"status-publish","4":"has-post-thumbnail","6":"product_cat-vlastivedny-zbornik-povazia","7":"desktop-align-left","8":"tablet-align-left","9":"mobile-align-left","10":"ast-product-gallery-layout-horizontal-slider","11":"ast-product-gallery-with-no-image","12":"ast-magnify-disabled","13":"ast-product-tabs-layout-horizontal","15":"first","16":"instock","17":"shipping-taxable","18":"purchasable","19":"product-type-simple"},"yoast_head":"<!-- This site is optimized with the Yoast SEO plugin v27.4 - https:\/\/yoast.com\/product\/yoast-seo-wordpress\/ -->\n<title>Vlastivedn\u00fd zborn\u00edk Pova\u017eia XXVI - Pova\u017esk\u00e9 m\u00fazeum<\/title>\n<meta name=\"robots\" content=\"index, follow, max-snippet:-1, max-image-preview:large, max-video-preview:-1\" \/>\n<link rel=\"canonical\" href=\"https:\/\/pmza.sk\/?product=vlastivedny-zbornik-povazia-xxvi\" \/>\n<meta property=\"og:locale\" content=\"sk_SK\" \/>\n<meta property=\"og:type\" content=\"article\" \/>\n<meta property=\"og:title\" content=\"Vlastivedn\u00fd zborn\u00edk Pova\u017eia XXVI - Pova\u017esk\u00e9 m\u00fazeum\" \/>\n<meta property=\"og:description\" content=\"Vlastivedn\u00fd zborn\u00edk Pova\u017eia XXVI rozmery: 16 x 23,5 cm, bro\u017eovan\u00e1 v\u00e4zba, 258 str\u00e1n Vlastivedn\u00fd zborn\u00edk Pova\u017eia predstavuje jeden z najstar\u0161\u00edch odborn\u00fdch zborn\u00edkov zameran\u00fdch na region\u00e1lnu vlastivedu. Prin\u00e1\u0161a aktu\u00e1lne odborn\u00e9 \u0161t\u00fadie t\u00fdkaj\u00face sa \u00fazemia horn\u00e9ho Pova\u017eia (okresy \u017dilina, Byt\u010da), ktor\u00fdch autormi s\u00fa odborn\u00ed pracovn\u00edci Pova\u017esk\u00e9ho m\u00fazea v \u017diline a extern\u00ed spolupracovn\u00edci Pova\u017esk\u00e9ho m\u00fazea. Okrem \u0161t\u00fadi\u00ed obsahuje [&hellip;]\" \/>\n<meta property=\"og:url\" content=\"https:\/\/pmza.sk\/?product=vlastivedny-zbornik-povazia-xxvi\" \/>\n<meta property=\"og:site_name\" content=\"Pova\u017esk\u00e9 m\u00fazeum\" \/>\n<meta property=\"article:publisher\" content=\"https:\/\/www.facebook.com\/povazskemuzeum\" \/>\n<meta property=\"article:modified_time\" content=\"2022-11-07T09:21:22+00:00\" \/>\n<meta property=\"og:image\" content=\"https:\/\/pmza.sk\/wp-content\/uploads\/2014\/02\/VZP-XXVI-1.jpg\" \/>\n\t<meta property=\"og:image:width\" content=\"670\" \/>\n\t<meta property=\"og:image:height\" content=\"1024\" \/>\n\t<meta property=\"og:image:type\" content=\"image\/jpeg\" \/>\n<meta name=\"twitter:card\" content=\"summary_large_image\" \/>\n<meta name=\"twitter:label1\" content=\"Predpokladan\u00fd \u010das \u010d\u00edtania\" \/>\n\t<meta name=\"twitter:data1\" content=\"2 min\u00faty\" \/>\n<script type=\"application\/ld+json\" class=\"yoast-schema-graph\">{\"@context\":\"https:\\\/\\\/schema.org\",\"@graph\":[{\"@type\":\"WebPage\",\"@id\":\"https:\\\/\\\/pmza.sk\\\/?product=vlastivedny-zbornik-povazia-xxvi\",\"url\":\"https:\\\/\\\/pmza.sk\\\/?product=vlastivedny-zbornik-povazia-xxvi\",\"name\":\"Vlastivedn\u00fd zborn\u00edk Pova\u017eia XXVI - Pova\u017esk\u00e9 m\u00fazeum\",\"isPartOf\":{\"@id\":\"https:\\\/\\\/pmza.sk\\\/#website\"},\"primaryImageOfPage\":{\"@id\":\"https:\\\/\\\/pmza.sk\\\/?product=vlastivedny-zbornik-povazia-xxvi#primaryimage\"},\"image\":{\"@id\":\"https:\\\/\\\/pmza.sk\\\/?product=vlastivedny-zbornik-povazia-xxvi#primaryimage\"},\"thumbnailUrl\":\"https:\\\/\\\/pmza.sk\\\/wp-content\\\/uploads\\\/2014\\\/02\\\/VZP-XXVI-1.jpg\",\"datePublished\":\"2014-02-01T08:17:17+00:00\",\"dateModified\":\"2022-11-07T09:21:22+00:00\",\"breadcrumb\":{\"@id\":\"https:\\\/\\\/pmza.sk\\\/?product=vlastivedny-zbornik-povazia-xxvi#breadcrumb\"},\"inLanguage\":\"sk-SK\",\"potentialAction\":[{\"@type\":\"ReadAction\",\"target\":[\"https:\\\/\\\/pmza.sk\\\/?product=vlastivedny-zbornik-povazia-xxvi\"]}]},{\"@type\":\"ImageObject\",\"inLanguage\":\"sk-SK\",\"@id\":\"https:\\\/\\\/pmza.sk\\\/?product=vlastivedny-zbornik-povazia-xxvi#primaryimage\",\"url\":\"https:\\\/\\\/pmza.sk\\\/wp-content\\\/uploads\\\/2014\\\/02\\\/VZP-XXVI-1.jpg\",\"contentUrl\":\"https:\\\/\\\/pmza.sk\\\/wp-content\\\/uploads\\\/2014\\\/02\\\/VZP-XXVI-1.jpg\",\"width\":670,\"height\":1024},{\"@type\":\"BreadcrumbList\",\"@id\":\"https:\\\/\\\/pmza.sk\\\/?product=vlastivedny-zbornik-povazia-xxvi#breadcrumb\",\"itemListElement\":[{\"@type\":\"ListItem\",\"position\":1,\"name\":\"Domovsk\u00e1 str\u00e1nka\",\"item\":\"https:\\\/\\\/pmza.sk\\\/\"},{\"@type\":\"ListItem\",\"position\":2,\"name\":\"Obchod\",\"item\":\"https:\\\/\\\/pmza.sk\\\/?page_id=7\"},{\"@type\":\"ListItem\",\"position\":3,\"name\":\"Vlastivedn\u00fd zborn\u00edk Pova\u017eia XXVI\"}]},{\"@type\":\"WebSite\",\"@id\":\"https:\\\/\\\/pmza.sk\\\/#website\",\"url\":\"https:\\\/\\\/pmza.sk\\\/\",\"name\":\"Pova\u017esk\u00e9 m\u00fazeum\",\"description\":\"Pova\u017esk\u00e9 m\u00fazeum v \u017diline je region\u00e1lne m\u00fazeum so s\u00eddlom v Budat\u00edne. Jeho expoz\u00edcie s\u00fa zameran\u00e9 na dejiny slovensk\u00e9ho umenia, kult\u00fary a dopravy.\",\"publisher\":{\"@id\":\"https:\\\/\\\/pmza.sk\\\/#organization\"},\"potentialAction\":[{\"@type\":\"SearchAction\",\"target\":{\"@type\":\"EntryPoint\",\"urlTemplate\":\"https:\\\/\\\/pmza.sk\\\/?s={search_term_string}\"},\"query-input\":{\"@type\":\"PropertyValueSpecification\",\"valueRequired\":true,\"valueName\":\"search_term_string\"}}],\"inLanguage\":\"sk-SK\"},{\"@type\":\"Organization\",\"@id\":\"https:\\\/\\\/pmza.sk\\\/#organization\",\"name\":\"Pova\u017esk\u00e9 m\u00fazeum\",\"url\":\"https:\\\/\\\/pmza.sk\\\/\",\"logo\":{\"@type\":\"ImageObject\",\"inLanguage\":\"sk-SK\",\"@id\":\"https:\\\/\\\/pmza.sk\\\/#\\\/schema\\\/logo\\\/image\\\/\",\"url\":\"https:\\\/\\\/pmza.sk\\\/wp-content\\\/uploads\\\/2022\\\/01\\\/logo_PM_horizontal.jpg\",\"contentUrl\":\"https:\\\/\\\/pmza.sk\\\/wp-content\\\/uploads\\\/2022\\\/01\\\/logo_PM_horizontal.jpg\",\"width\":231,\"height\":142,\"caption\":\"Pova\u017esk\u00e9 m\u00fazeum\"},\"image\":{\"@id\":\"https:\\\/\\\/pmza.sk\\\/#\\\/schema\\\/logo\\\/image\\\/\"},\"sameAs\":[\"https:\\\/\\\/www.facebook.com\\\/povazskemuzeum\",\"https:\\\/\\\/www.instagram.com\\\/povazskemuzeum\\\/\"]}]}<\/script>\n<!-- \/ Yoast SEO plugin. -->","yoast_head_json":{"title":"Vlastivedn\u00fd zborn\u00edk Pova\u017eia XXVI - Pova\u017esk\u00e9 m\u00fazeum","robots":{"index":"index","follow":"follow","max-snippet":"max-snippet:-1","max-image-preview":"max-image-preview:large","max-video-preview":"max-video-preview:-1"},"canonical":"https:\/\/pmza.sk\/?product=vlastivedny-zbornik-povazia-xxvi","og_locale":"sk_SK","og_type":"article","og_title":"Vlastivedn\u00fd zborn\u00edk Pova\u017eia XXVI - Pova\u017esk\u00e9 m\u00fazeum","og_description":"Vlastivedn\u00fd zborn\u00edk Pova\u017eia XXVI rozmery: 16 x 23,5 cm, bro\u017eovan\u00e1 v\u00e4zba, 258 str\u00e1n Vlastivedn\u00fd zborn\u00edk Pova\u017eia predstavuje jeden z najstar\u0161\u00edch odborn\u00fdch zborn\u00edkov zameran\u00fdch na region\u00e1lnu vlastivedu. Prin\u00e1\u0161a aktu\u00e1lne odborn\u00e9 \u0161t\u00fadie t\u00fdkaj\u00face sa \u00fazemia horn\u00e9ho Pova\u017eia (okresy \u017dilina, Byt\u010da), ktor\u00fdch autormi s\u00fa odborn\u00ed pracovn\u00edci Pova\u017esk\u00e9ho m\u00fazea v \u017diline a extern\u00ed spolupracovn\u00edci Pova\u017esk\u00e9ho m\u00fazea. Okrem \u0161t\u00fadi\u00ed obsahuje [&hellip;]","og_url":"https:\/\/pmza.sk\/?product=vlastivedny-zbornik-povazia-xxvi","og_site_name":"Pova\u017esk\u00e9 m\u00fazeum","article_publisher":"https:\/\/www.facebook.com\/povazskemuzeum","article_modified_time":"2022-11-07T09:21:22+00:00","og_image":[{"width":670,"height":1024,"url":"https:\/\/pmza.sk\/wp-content\/uploads\/2014\/02\/VZP-XXVI-1.jpg","type":"image\/jpeg"}],"twitter_card":"summary_large_image","twitter_misc":{"Predpokladan\u00fd \u010das \u010d\u00edtania":"2 min\u00faty"},"schema":{"@context":"https:\/\/schema.org","@graph":[{"@type":"WebPage","@id":"https:\/\/pmza.sk\/?product=vlastivedny-zbornik-povazia-xxvi","url":"https:\/\/pmza.sk\/?product=vlastivedny-zbornik-povazia-xxvi","name":"Vlastivedn\u00fd zborn\u00edk Pova\u017eia XXVI - Pova\u017esk\u00e9 m\u00fazeum","isPartOf":{"@id":"https:\/\/pmza.sk\/#website"},"primaryImageOfPage":{"@id":"https:\/\/pmza.sk\/?product=vlastivedny-zbornik-povazia-xxvi#primaryimage"},"image":{"@id":"https:\/\/pmza.sk\/?product=vlastivedny-zbornik-povazia-xxvi#primaryimage"},"thumbnailUrl":"https:\/\/pmza.sk\/wp-content\/uploads\/2014\/02\/VZP-XXVI-1.jpg","datePublished":"2014-02-01T08:17:17+00:00","dateModified":"2022-11-07T09:21:22+00:00","breadcrumb":{"@id":"https:\/\/pmza.sk\/?product=vlastivedny-zbornik-povazia-xxvi#breadcrumb"},"inLanguage":"sk-SK","potentialAction":[{"@type":"ReadAction","target":["https:\/\/pmza.sk\/?product=vlastivedny-zbornik-povazia-xxvi"]}]},{"@type":"ImageObject","inLanguage":"sk-SK","@id":"https:\/\/pmza.sk\/?product=vlastivedny-zbornik-povazia-xxvi#primaryimage","url":"https:\/\/pmza.sk\/wp-content\/uploads\/2014\/02\/VZP-XXVI-1.jpg","contentUrl":"https:\/\/pmza.sk\/wp-content\/uploads\/2014\/02\/VZP-XXVI-1.jpg","width":670,"height":1024},{"@type":"BreadcrumbList","@id":"https:\/\/pmza.sk\/?product=vlastivedny-zbornik-povazia-xxvi#breadcrumb","itemListElement":[{"@type":"ListItem","position":1,"name":"Domovsk\u00e1 str\u00e1nka","item":"https:\/\/pmza.sk\/"},{"@type":"ListItem","position":2,"name":"Obchod","item":"https:\/\/pmza.sk\/?page_id=7"},{"@type":"ListItem","position":3,"name":"Vlastivedn\u00fd zborn\u00edk Pova\u017eia XXVI"}]},{"@type":"WebSite","@id":"https:\/\/pmza.sk\/#website","url":"https:\/\/pmza.sk\/","name":"Pova\u017esk\u00e9 m\u00fazeum","description":"Pova\u017esk\u00e9 m\u00fazeum v \u017diline je region\u00e1lne m\u00fazeum so s\u00eddlom v Budat\u00edne. Jeho expoz\u00edcie s\u00fa zameran\u00e9 na dejiny slovensk\u00e9ho umenia, kult\u00fary a dopravy.","publisher":{"@id":"https:\/\/pmza.sk\/#organization"},"potentialAction":[{"@type":"SearchAction","target":{"@type":"EntryPoint","urlTemplate":"https:\/\/pmza.sk\/?s={search_term_string}"},"query-input":{"@type":"PropertyValueSpecification","valueRequired":true,"valueName":"search_term_string"}}],"inLanguage":"sk-SK"},{"@type":"Organization","@id":"https:\/\/pmza.sk\/#organization","name":"Pova\u017esk\u00e9 m\u00fazeum","url":"https:\/\/pmza.sk\/","logo":{"@type":"ImageObject","inLanguage":"sk-SK","@id":"https:\/\/pmza.sk\/#\/schema\/logo\/image\/","url":"https:\/\/pmza.sk\/wp-content\/uploads\/2022\/01\/logo_PM_horizontal.jpg","contentUrl":"https:\/\/pmza.sk\/wp-content\/uploads\/2022\/01\/logo_PM_horizontal.jpg","width":231,"height":142,"caption":"Pova\u017esk\u00e9 m\u00fazeum"},"image":{"@id":"https:\/\/pmza.sk\/#\/schema\/logo\/image\/"},"sameAs":["https:\/\/www.facebook.com\/povazskemuzeum","https:\/\/www.instagram.com\/povazskemuzeum\/"]}]}},"_links":{"self":[{"href":"https:\/\/pmza.sk\/index.php?rest_route=\/wp\/v2\/product\/110","targetHints":{"allow":["GET"]}}],"collection":[{"href":"https:\/\/pmza.sk\/index.php?rest_route=\/wp\/v2\/product"}],"about":[{"href":"https:\/\/pmza.sk\/index.php?rest_route=\/wp\/v2\/types\/product"}],"wp:featuredmedia":[{"embeddable":true,"href":"https:\/\/pmza.sk\/index.php?rest_route=\/wp\/v2\/media\/34077"}],"wp:attachment":[{"href":"https:\/\/pmza.sk\/index.php?rest_route=%2Fwp%2Fv2%2Fmedia&parent=110"}],"wp:term":[{"taxonomy":"product_cat","embeddable":true,"href":"https:\/\/pmza.sk\/index.php?rest_route=%2Fwp%2Fv2%2Fproduct_cat&post=110"},{"taxonomy":"product_tag","embeddable":true,"href":"https:\/\/pmza.sk\/index.php?rest_route=%2Fwp%2Fv2%2Fproduct_tag&post=110"}],"curies":[{"name":"wp","href":"https:\/\/api.w.org\/{rel}","templated":true}]}}