{"id":126,"date":"2012-11-26T11:24:43","date_gmt":"2012-11-26T10:24:43","guid":{"rendered":"https:\/\/pmza.sk.sk\/pl\/?post_type=product&#038;p=126"},"modified":"2022-11-07T10:39:47","modified_gmt":"2022-11-07T09:39:47","slug":"vodopad-krasy","status":"publish","type":"product","link":"https:\/\/pmza.sk\/?product=vodopad-krasy","title":{"rendered":"VODOP\u00c1D KR\u00c1SY"},"content":{"rendered":"<p>\u00a0 <strong>Monika V\u00e1lekov\u00e1 a\u00a0kolekt\u00edv: <\/strong><\/p>\n<p><strong>Vodop\u00e1d kr\u00e1sy \u2013\u00a0 dr\u00f4t a\u00a0farby v\u00a0ruk\u00e1ch Remigie Biskupskej. <\/strong><\/p>\n<p><strong>Vydali Pova\u017esk\u00e9 m\u00fazeum v\u00a0\u017diline a\u00a0Zdru\u017eenie \u0161perk\u00e1rov AURA, \u017dilina 2012, <\/strong><\/p>\n<p><strong>85 str\u00e1n, farebn\u00e9 a\u00a0\u010dieno-biele fotografie, anglick\u00e9 resum\u00e9. <\/strong><\/p>\n<p>\u017dilina, Pova\u017esk\u00e9 m\u00fazeum \u2013 Bratislava, Zdru\u017eenie \u0161perk\u00e1rov AURA, 2012<\/p>\n<p>odborn\u00e1 publik\u00e1cia<\/p>\n<p>Reprezentat\u00edvna monografia o\u00a0tvorbe v\u00fdtvarn\u00ed\u010dky, ktor\u00e1 koncom 60. rokov 20. storo\u010dia, vniesla ru\u010dne viazan\u00fd dr\u00f4t do tvorby autorsk\u00fdch \u0161perkov, \u010d\u00edm prispela k\u00a0uchovaniu\u00a0 a\u00a0kreovaniu drot\u00e1rskeho remesla. Najsk\u00f4r boli jej diela ornament\u00e1lne, nesk\u00f4r pre\u0161la do abstraktnej polohy. Okrem \u0161perkov kniha tie\u017e predstavuje kolekciu pastelov. Monografia je v\u00fdsledkom kolekt\u00edvu autorov, odborn\u00edkov, ktor\u00ed tvorbu v\u00fdtvarn\u00ed\u010dky dlhodobo sleduj\u00fa \u00a0\u2013 Agnes Schramm, Magdal\u00e9ny Mr\u00e1zovej, Moniky V\u00e1lekovej, Katar\u00edny Hallonovej a Andreja Boteka. Odborn\u00e9 texty dop\u013a\u0148aj\u00fa b\u00e1sne Milana R\u00fafusa \u2013 priate\u013ea pani Biskupskej a Igora V\u00e1leka, in\u0161pirovan\u00e9ho jej tvorbou. Beletrizovan\u00fd \u017eivotopis poch\u00e1dza z pera dc\u00e9ry v\u00fdtvarn\u00ed\u010dky Jany Biskupskej. V\u00fdtvarn\u00fa podobu dal knihe sk\u00fasen\u00fd kni\u017en\u00fd grafik Igor \u0160trb\u00edk. \u00a0 Kniha vy\u0161la v\u010faka finan\u010dnej podpore Ministerstva kult\u00fary Slovenskej republiky, grantov\u00e9mu programu ARS BRATISLAVIENSIS, \u017dilinsk\u00e9ho samospr\u00e1vneho kraja, Spolo\u010dnosti Ferdinanda Martinenga, Jozefa Chovanca,\u00a0rodiny Biskupskej a obidvoch vydavate\u013eov.<\/p>\n","protected":false},"excerpt":{"rendered":"<p>\u00a0 Monika V\u00e1lekov\u00e1 a\u00a0kolekt\u00edv: Vodop\u00e1d kr\u00e1sy \u2013\u00a0 dr\u00f4t a\u00a0farby v\u00a0ruk\u00e1ch Remigie Biskupskej. Vydali Pova\u017esk\u00e9 m\u00fazeum v\u00a0\u017diline a\u00a0Zdru\u017eenie \u0161perk\u00e1rov AURA, \u017dilina 2012, 85 str\u00e1n, farebn\u00e9 a\u00a0\u010dieno-biele fotografie, anglick\u00e9 resum\u00e9. \u017dilina, Pova\u017esk\u00e9 m\u00fazeum \u2013 Bratislava, Zdru\u017eenie \u0161perk\u00e1rov AURA, 2012 odborn\u00e1 publik\u00e1cia Reprezentat\u00edvna monografia o\u00a0tvorbe v\u00fdtvarn\u00ed\u010dky, ktor\u00e1 koncom 60. rokov 20. storo\u010dia, vniesla ru\u010dne viazan\u00fd dr\u00f4t do tvorby [&hellip;]<\/p>\n","protected":false},"featured_media":13440,"template":"","meta":{"site-sidebar-layout":"default","site-content-layout":"","ast-site-content-layout":"","site-content-style":"default","site-sidebar-style":"default","ast-global-header-display":"","ast-banner-title-visibility":"","ast-main-header-display":"","ast-hfb-above-header-display":"","ast-hfb-below-header-display":"","ast-hfb-mobile-header-display":"","site-post-title":"","ast-breadcrumbs-content":"","ast-featured-img":"","footer-sml-layout":"","theme-transparent-header-meta":"","adv-header-id-meta":"","stick-header-meta":"","header-above-stick-meta":"","header-main-stick-meta":"","header-below-stick-meta":"","astra-migrate-meta-layouts":"default","ast-page-background-enabled":"default","ast-page-background-meta":{"desktop":{"background-color":"var(--ast-global-color-4)","background-image":"","background-repeat":"repeat","background-position":"center center","background-size":"auto","background-attachment":"scroll","background-type":"","background-media":"","overlay-type":"","overlay-color":"","overlay-opacity":"","overlay-gradient":""},"tablet":{"background-color":"","background-image":"","background-repeat":"repeat","background-position":"center center","background-size":"auto","background-attachment":"scroll","background-type":"","background-media":"","overlay-type":"","overlay-color":"","overlay-opacity":"","overlay-gradient":""},"mobile":{"background-color":"","background-image":"","background-repeat":"repeat","background-position":"center center","background-size":"auto","background-attachment":"scroll","background-type":"","background-media":"","overlay-type":"","overlay-color":"","overlay-opacity":"","overlay-gradient":""}},"ast-content-background-meta":{"desktop":{"background-color":"var(--ast-global-color-5)","background-image":"","background-repeat":"repeat","background-position":"center center","background-size":"auto","background-attachment":"scroll","background-type":"","background-media":"","overlay-type":"","overlay-color":"","overlay-opacity":"","overlay-gradient":""},"tablet":{"background-color":"var(--ast-global-color-5)","background-image":"","background-repeat":"repeat","background-position":"center center","background-size":"auto","background-attachment":"scroll","background-type":"","background-media":"","overlay-type":"","overlay-color":"","overlay-opacity":"","overlay-gradient":""},"mobile":{"background-color":"var(--ast-global-color-5)","background-image":"","background-repeat":"repeat","background-position":"center center","background-size":"auto","background-attachment":"scroll","background-type":"","background-media":"","overlay-type":"","overlay-color":"","overlay-opacity":"","overlay-gradient":""}}},"product_cat":[17],"product_tag":[],"class_list":{"0":"post-126","1":"product","2":"type-product","3":"status-publish","4":"has-post-thumbnail","6":"product_cat-edicia-mala-kniznica-drotara","7":"desktop-align-left","8":"tablet-align-left","9":"mobile-align-left","10":"ast-product-gallery-layout-horizontal-slider","11":"ast-magnify-disabled","12":"ast-product-tabs-layout-horizontal","14":"first","15":"instock","16":"sale","17":"shipping-taxable","18":"purchasable","19":"product-type-simple"},"yoast_head":"<!-- This site is optimized with the Yoast SEO plugin v27.4 - https:\/\/yoast.com\/product\/yoast-seo-wordpress\/ -->\n<title>VODOP\u00c1D KR\u00c1SY - Pova\u017esk\u00e9 m\u00fazeum<\/title>\n<meta name=\"robots\" content=\"index, follow, max-snippet:-1, max-image-preview:large, max-video-preview:-1\" \/>\n<link rel=\"canonical\" href=\"https:\/\/pmza.sk\/?product=vodopad-krasy\" \/>\n<meta property=\"og:locale\" content=\"sk_SK\" \/>\n<meta property=\"og:type\" content=\"article\" \/>\n<meta property=\"og:title\" content=\"VODOP\u00c1D KR\u00c1SY - Pova\u017esk\u00e9 m\u00fazeum\" \/>\n<meta property=\"og:description\" content=\"\u00a0 Monika V\u00e1lekov\u00e1 a\u00a0kolekt\u00edv: Vodop\u00e1d kr\u00e1sy \u2013\u00a0 dr\u00f4t a\u00a0farby v\u00a0ruk\u00e1ch Remigie Biskupskej. Vydali Pova\u017esk\u00e9 m\u00fazeum v\u00a0\u017diline a\u00a0Zdru\u017eenie \u0161perk\u00e1rov AURA, \u017dilina 2012, 85 str\u00e1n, farebn\u00e9 a\u00a0\u010dieno-biele fotografie, anglick\u00e9 resum\u00e9. \u017dilina, Pova\u017esk\u00e9 m\u00fazeum \u2013 Bratislava, Zdru\u017eenie \u0161perk\u00e1rov AURA, 2012 odborn\u00e1 publik\u00e1cia Reprezentat\u00edvna monografia o\u00a0tvorbe v\u00fdtvarn\u00ed\u010dky, ktor\u00e1 koncom 60. rokov 20. storo\u010dia, vniesla ru\u010dne viazan\u00fd dr\u00f4t do tvorby [&hellip;]\" \/>\n<meta property=\"og:url\" content=\"https:\/\/pmza.sk\/?product=vodopad-krasy\" \/>\n<meta property=\"og:site_name\" content=\"Pova\u017esk\u00e9 m\u00fazeum\" \/>\n<meta property=\"article:publisher\" content=\"https:\/\/www.facebook.com\/povazskemuzeum\" \/>\n<meta property=\"article:modified_time\" content=\"2022-11-07T09:39:47+00:00\" \/>\n<meta property=\"og:image\" content=\"https:\/\/pmza.sk\/wp-content\/uploads\/2013\/11\/vodopad-krasy1.jpg\" \/>\n\t<meta property=\"og:image:width\" content=\"324\" \/>\n\t<meta property=\"og:image:height\" content=\"448\" \/>\n\t<meta property=\"og:image:type\" content=\"image\/jpeg\" \/>\n<meta name=\"twitter:card\" content=\"summary_large_image\" \/>\n<meta name=\"twitter:label1\" content=\"Predpokladan\u00fd \u010das \u010d\u00edtania\" \/>\n\t<meta name=\"twitter:data1\" content=\"1 min\u00fata\" \/>\n<script type=\"application\/ld+json\" class=\"yoast-schema-graph\">{\"@context\":\"https:\\\/\\\/schema.org\",\"@graph\":[{\"@type\":\"WebPage\",\"@id\":\"https:\\\/\\\/pmza.sk\\\/?product=vodopad-krasy\",\"url\":\"https:\\\/\\\/pmza.sk\\\/?product=vodopad-krasy\",\"name\":\"VODOP\u00c1D KR\u00c1SY - Pova\u017esk\u00e9 m\u00fazeum\",\"isPartOf\":{\"@id\":\"https:\\\/\\\/pmza.sk\\\/#website\"},\"primaryImageOfPage\":{\"@id\":\"https:\\\/\\\/pmza.sk\\\/?product=vodopad-krasy#primaryimage\"},\"image\":{\"@id\":\"https:\\\/\\\/pmza.sk\\\/?product=vodopad-krasy#primaryimage\"},\"thumbnailUrl\":\"https:\\\/\\\/pmza.sk\\\/wp-content\\\/uploads\\\/2013\\\/11\\\/vodopad-krasy1.jpg\",\"datePublished\":\"2012-11-26T10:24:43+00:00\",\"dateModified\":\"2022-11-07T09:39:47+00:00\",\"breadcrumb\":{\"@id\":\"https:\\\/\\\/pmza.sk\\\/?product=vodopad-krasy#breadcrumb\"},\"inLanguage\":\"sk-SK\",\"potentialAction\":[{\"@type\":\"ReadAction\",\"target\":[\"https:\\\/\\\/pmza.sk\\\/?product=vodopad-krasy\"]}]},{\"@type\":\"ImageObject\",\"inLanguage\":\"sk-SK\",\"@id\":\"https:\\\/\\\/pmza.sk\\\/?product=vodopad-krasy#primaryimage\",\"url\":\"https:\\\/\\\/pmza.sk\\\/wp-content\\\/uploads\\\/2013\\\/11\\\/vodopad-krasy1.jpg\",\"contentUrl\":\"https:\\\/\\\/pmza.sk\\\/wp-content\\\/uploads\\\/2013\\\/11\\\/vodopad-krasy1.jpg\",\"width\":324,\"height\":448},{\"@type\":\"BreadcrumbList\",\"@id\":\"https:\\\/\\\/pmza.sk\\\/?product=vodopad-krasy#breadcrumb\",\"itemListElement\":[{\"@type\":\"ListItem\",\"position\":1,\"name\":\"Domovsk\u00e1 str\u00e1nka\",\"item\":\"https:\\\/\\\/pmza.sk\\\/\"},{\"@type\":\"ListItem\",\"position\":2,\"name\":\"Obchod\",\"item\":\"https:\\\/\\\/pmza.sk\\\/?page_id=7\"},{\"@type\":\"ListItem\",\"position\":3,\"name\":\"VODOP\u00c1D KR\u00c1SY\"}]},{\"@type\":\"WebSite\",\"@id\":\"https:\\\/\\\/pmza.sk\\\/#website\",\"url\":\"https:\\\/\\\/pmza.sk\\\/\",\"name\":\"Pova\u017esk\u00e9 m\u00fazeum\",\"description\":\"Pova\u017esk\u00e9 m\u00fazeum v \u017diline je region\u00e1lne m\u00fazeum so s\u00eddlom v Budat\u00edne. Jeho expoz\u00edcie s\u00fa zameran\u00e9 na dejiny slovensk\u00e9ho umenia, kult\u00fary a dopravy.\",\"publisher\":{\"@id\":\"https:\\\/\\\/pmza.sk\\\/#organization\"},\"potentialAction\":[{\"@type\":\"SearchAction\",\"target\":{\"@type\":\"EntryPoint\",\"urlTemplate\":\"https:\\\/\\\/pmza.sk\\\/?s={search_term_string}\"},\"query-input\":{\"@type\":\"PropertyValueSpecification\",\"valueRequired\":true,\"valueName\":\"search_term_string\"}}],\"inLanguage\":\"sk-SK\"},{\"@type\":\"Organization\",\"@id\":\"https:\\\/\\\/pmza.sk\\\/#organization\",\"name\":\"Pova\u017esk\u00e9 m\u00fazeum\",\"url\":\"https:\\\/\\\/pmza.sk\\\/\",\"logo\":{\"@type\":\"ImageObject\",\"inLanguage\":\"sk-SK\",\"@id\":\"https:\\\/\\\/pmza.sk\\\/#\\\/schema\\\/logo\\\/image\\\/\",\"url\":\"https:\\\/\\\/pmza.sk\\\/wp-content\\\/uploads\\\/2022\\\/01\\\/logo_PM_horizontal.jpg\",\"contentUrl\":\"https:\\\/\\\/pmza.sk\\\/wp-content\\\/uploads\\\/2022\\\/01\\\/logo_PM_horizontal.jpg\",\"width\":231,\"height\":142,\"caption\":\"Pova\u017esk\u00e9 m\u00fazeum\"},\"image\":{\"@id\":\"https:\\\/\\\/pmza.sk\\\/#\\\/schema\\\/logo\\\/image\\\/\"},\"sameAs\":[\"https:\\\/\\\/www.facebook.com\\\/povazskemuzeum\",\"https:\\\/\\\/www.instagram.com\\\/povazskemuzeum\\\/\"]}]}<\/script>\n<!-- \/ Yoast SEO plugin. -->","yoast_head_json":{"title":"VODOP\u00c1D KR\u00c1SY - Pova\u017esk\u00e9 m\u00fazeum","robots":{"index":"index","follow":"follow","max-snippet":"max-snippet:-1","max-image-preview":"max-image-preview:large","max-video-preview":"max-video-preview:-1"},"canonical":"https:\/\/pmza.sk\/?product=vodopad-krasy","og_locale":"sk_SK","og_type":"article","og_title":"VODOP\u00c1D KR\u00c1SY - Pova\u017esk\u00e9 m\u00fazeum","og_description":"\u00a0 Monika V\u00e1lekov\u00e1 a\u00a0kolekt\u00edv: Vodop\u00e1d kr\u00e1sy \u2013\u00a0 dr\u00f4t a\u00a0farby v\u00a0ruk\u00e1ch Remigie Biskupskej. Vydali Pova\u017esk\u00e9 m\u00fazeum v\u00a0\u017diline a\u00a0Zdru\u017eenie \u0161perk\u00e1rov AURA, \u017dilina 2012, 85 str\u00e1n, farebn\u00e9 a\u00a0\u010dieno-biele fotografie, anglick\u00e9 resum\u00e9. \u017dilina, Pova\u017esk\u00e9 m\u00fazeum \u2013 Bratislava, Zdru\u017eenie \u0161perk\u00e1rov AURA, 2012 odborn\u00e1 publik\u00e1cia Reprezentat\u00edvna monografia o\u00a0tvorbe v\u00fdtvarn\u00ed\u010dky, ktor\u00e1 koncom 60. rokov 20. storo\u010dia, vniesla ru\u010dne viazan\u00fd dr\u00f4t do tvorby [&hellip;]","og_url":"https:\/\/pmza.sk\/?product=vodopad-krasy","og_site_name":"Pova\u017esk\u00e9 m\u00fazeum","article_publisher":"https:\/\/www.facebook.com\/povazskemuzeum","article_modified_time":"2022-11-07T09:39:47+00:00","og_image":[{"width":324,"height":448,"url":"https:\/\/pmza.sk\/wp-content\/uploads\/2013\/11\/vodopad-krasy1.jpg","type":"image\/jpeg"}],"twitter_card":"summary_large_image","twitter_misc":{"Predpokladan\u00fd \u010das \u010d\u00edtania":"1 min\u00fata"},"schema":{"@context":"https:\/\/schema.org","@graph":[{"@type":"WebPage","@id":"https:\/\/pmza.sk\/?product=vodopad-krasy","url":"https:\/\/pmza.sk\/?product=vodopad-krasy","name":"VODOP\u00c1D KR\u00c1SY - Pova\u017esk\u00e9 m\u00fazeum","isPartOf":{"@id":"https:\/\/pmza.sk\/#website"},"primaryImageOfPage":{"@id":"https:\/\/pmza.sk\/?product=vodopad-krasy#primaryimage"},"image":{"@id":"https:\/\/pmza.sk\/?product=vodopad-krasy#primaryimage"},"thumbnailUrl":"https:\/\/pmza.sk\/wp-content\/uploads\/2013\/11\/vodopad-krasy1.jpg","datePublished":"2012-11-26T10:24:43+00:00","dateModified":"2022-11-07T09:39:47+00:00","breadcrumb":{"@id":"https:\/\/pmza.sk\/?product=vodopad-krasy#breadcrumb"},"inLanguage":"sk-SK","potentialAction":[{"@type":"ReadAction","target":["https:\/\/pmza.sk\/?product=vodopad-krasy"]}]},{"@type":"ImageObject","inLanguage":"sk-SK","@id":"https:\/\/pmza.sk\/?product=vodopad-krasy#primaryimage","url":"https:\/\/pmza.sk\/wp-content\/uploads\/2013\/11\/vodopad-krasy1.jpg","contentUrl":"https:\/\/pmza.sk\/wp-content\/uploads\/2013\/11\/vodopad-krasy1.jpg","width":324,"height":448},{"@type":"BreadcrumbList","@id":"https:\/\/pmza.sk\/?product=vodopad-krasy#breadcrumb","itemListElement":[{"@type":"ListItem","position":1,"name":"Domovsk\u00e1 str\u00e1nka","item":"https:\/\/pmza.sk\/"},{"@type":"ListItem","position":2,"name":"Obchod","item":"https:\/\/pmza.sk\/?page_id=7"},{"@type":"ListItem","position":3,"name":"VODOP\u00c1D KR\u00c1SY"}]},{"@type":"WebSite","@id":"https:\/\/pmza.sk\/#website","url":"https:\/\/pmza.sk\/","name":"Pova\u017esk\u00e9 m\u00fazeum","description":"Pova\u017esk\u00e9 m\u00fazeum v \u017diline je region\u00e1lne m\u00fazeum so s\u00eddlom v Budat\u00edne. Jeho expoz\u00edcie s\u00fa zameran\u00e9 na dejiny slovensk\u00e9ho umenia, kult\u00fary a dopravy.","publisher":{"@id":"https:\/\/pmza.sk\/#organization"},"potentialAction":[{"@type":"SearchAction","target":{"@type":"EntryPoint","urlTemplate":"https:\/\/pmza.sk\/?s={search_term_string}"},"query-input":{"@type":"PropertyValueSpecification","valueRequired":true,"valueName":"search_term_string"}}],"inLanguage":"sk-SK"},{"@type":"Organization","@id":"https:\/\/pmza.sk\/#organization","name":"Pova\u017esk\u00e9 m\u00fazeum","url":"https:\/\/pmza.sk\/","logo":{"@type":"ImageObject","inLanguage":"sk-SK","@id":"https:\/\/pmza.sk\/#\/schema\/logo\/image\/","url":"https:\/\/pmza.sk\/wp-content\/uploads\/2022\/01\/logo_PM_horizontal.jpg","contentUrl":"https:\/\/pmza.sk\/wp-content\/uploads\/2022\/01\/logo_PM_horizontal.jpg","width":231,"height":142,"caption":"Pova\u017esk\u00e9 m\u00fazeum"},"image":{"@id":"https:\/\/pmza.sk\/#\/schema\/logo\/image\/"},"sameAs":["https:\/\/www.facebook.com\/povazskemuzeum","https:\/\/www.instagram.com\/povazskemuzeum\/"]}]}},"_links":{"self":[{"href":"https:\/\/pmza.sk\/index.php?rest_route=\/wp\/v2\/product\/126","targetHints":{"allow":["GET"]}}],"collection":[{"href":"https:\/\/pmza.sk\/index.php?rest_route=\/wp\/v2\/product"}],"about":[{"href":"https:\/\/pmza.sk\/index.php?rest_route=\/wp\/v2\/types\/product"}],"wp:featuredmedia":[{"embeddable":true,"href":"https:\/\/pmza.sk\/index.php?rest_route=\/wp\/v2\/media\/13440"}],"wp:attachment":[{"href":"https:\/\/pmza.sk\/index.php?rest_route=%2Fwp%2Fv2%2Fmedia&parent=126"}],"wp:term":[{"taxonomy":"product_cat","embeddable":true,"href":"https:\/\/pmza.sk\/index.php?rest_route=%2Fwp%2Fv2%2Fproduct_cat&post=126"},{"taxonomy":"product_tag","embeddable":true,"href":"https:\/\/pmza.sk\/index.php?rest_route=%2Fwp%2Fv2%2Fproduct_tag&post=126"}],"curies":[{"name":"wp","href":"https:\/\/api.w.org\/{rel}","templated":true}]}}