{"id":13320,"date":"2006-11-26T15:23:14","date_gmt":"2006-11-26T14:23:14","guid":{"rendered":"https:\/\/pmza.sk.sk\/pl\/?post_type=product&#038;p=155"},"modified":"2022-11-07T10:19:27","modified_gmt":"2022-11-07T09:19:27","slug":"vlastivedny-zbornik-povazia-xxiii","status":"publish","type":"product","link":"https:\/\/pmza.sk\/?product=vlastivedny-zbornik-povazia-xxiii","title":{"rendered":"Vlastivedn\u00fd zborn\u00edk Pova\u017eia XXIII"},"content":{"rendered":"<h4>Vlastivedn\u00fd zborn\u00edk Pova\u017eia XXIII<\/h4>\n<h4><span style=\"font-weight: normal;\">\u017dilina, Pova\u017esk\u00e9 m\u00fazeum, 2006 <\/span><\/h4>\n<h4><span style=\"font-weight: normal;\">205 s. \u2013 rozmery 16,5 x 23,8 \u2013 bro\u017eovan\u00e1 v\u00e4zba<\/span> <del> <\/del><\/h4>\n<p>&nbsp;<\/p>\n<p><strong>Z obsahu:\u00a0<\/strong><\/p>\n<p>DUD\u00c1\u0160, M.: Budovanie evanjelick\u00e9ho a. v. kostola v \u017diline.<\/p>\n<p>HL\u00d4\u0160KA, L.: Distrib\u00facia drobn\u00fdch cicavcov a variabilita mikrohabitatov v \u00fadol\u00ed Kriv\u00e1nskej rizne.<\/p>\n<p>HL\u00d4\u0160KA, L.: M\u00e4kk\u00fd\u0161e (Mollusca: Gastropoda) al\u00favia Kriv\u00e1nskej rizne.<\/p>\n<p>JANAS, K.: reforma verejnej spr\u00e1vy na Slovensku v roku 1940.<\/p>\n<p>KENDROV\u00c1, K.: Medzin\u00e1rodn\u00e1 vedeck\u00e1 konferencia \u201cM\u00fdtus a realita zbojn\u00edctva v po\u013esko-slovenskom pohrani\u010d\u00ed v hist\u00f3rii, literat\u00fare i kult\u00fare\u201d.<\/p>\n<p>KOZ\u00c1KOV\u00c1, K.: Semin\u00e1r mlyny a mlyn\u00e1rske remeslo.<\/p>\n<p>MELLNER, D.: Zamyslenie sa nad v\u00fdvojom n\u00e1mestia mesta \u017diliny.<\/p>\n<p>MI\u010cUROV\u00c1, M.: Z hist\u00f3rie Pova\u017eskej \u017eeleznice.<\/p>\n<p>MORAV\u010c\u00cdK, J.: Najstar\u0161ie os\u00eddlenie Pova\u017eskej Bystrice.<\/p>\n<p>MRVA, M.: Inform\u00e1cie o \u010dinnosti Pova\u017esk\u00e9ho m\u00fazea v \u017diline.<\/p>\n<p>MRVOV\u00c1, J.: Barokov\u00fd maliar Anton Konikovi\u010d.<\/p>\n<p>MRVOV\u00c1, J.: Medzin\u00e1rodn\u00e1 konferencia o magdeburskom pr\u00e1ve.<\/p>\n<p>OK\u00c1NIKOV\u00c1, M.: MUDr. Du\u0161an Makovick\u00fd (1866 \u2013 1921).<\/p>\n<p>STOLLMANN, A.: Vyznanie J\u00e1na Volku-Starohorsk\u00e9ho k Andrejovi Kme\u0165ovi, zakladate\u013eovi slovensk\u00e9ho m\u00fazejn\u00edctva.<\/p>\n<p>\u0160IMKOV\u00c1, Z.: J\u00e1n Volko-Starohorsk\u00fd a jeho \u010dinnos\u0165 v oblasti archeol\u00f3gie.<\/p>\n<p>URBANOV\u00c1, V.: Tr\u00e1vnato-bylinn\u00e9 porasty v okol\u00ed Korne a Kloko\u010dova na Kysuciach.<\/p>\n<p>WETTER, R.: Geomorfologick\u00fd v\u00fdskum povodia toku Struh\u00e1re\u0148 v Kysuckej vrchovine.<\/p>\n<p>\u017dILIN\u010c\u00cdK, I.: Lesn\u00e1 \u00favra\u0165ov\u00e1 \u017eeleznica Lednick\u00e9 Rovne \u2013 Zub\u00e1k.<\/p>\n<p>\u017dILIN\u010c\u00cdK, I.: Lesn\u00e1 \u017eeleznica (Polomka \u2013 ) Z\u00e1vadka nad Hronom \u2013 Fabov\u00e1.<\/p>\n","protected":false},"excerpt":{"rendered":"<p>Vlastivedn\u00fd zborn\u00edk Pova\u017eia XXIII \u017dilina, Pova\u017esk\u00e9 m\u00fazeum, 2006 205 s. \u2013 rozmery 16,5 x 23,8 \u2013 bro\u017eovan\u00e1 v\u00e4zba &nbsp; Z obsahu:\u00a0 DUD\u00c1\u0160, M.: Budovanie evanjelick\u00e9ho a. v. kostola v \u017diline. HL\u00d4\u0160KA, L.: Distrib\u00facia drobn\u00fdch cicavcov a variabilita mikrohabitatov v \u00fadol\u00ed Kriv\u00e1nskej rizne. HL\u00d4\u0160KA, L.: M\u00e4kk\u00fd\u0161e (Mollusca: Gastropoda) al\u00favia Kriv\u00e1nskej rizne. JANAS, K.: reforma verejnej spr\u00e1vy [&hellip;]<\/p>\n","protected":false},"featured_media":13418,"template":"","meta":{"site-sidebar-layout":"default","site-content-layout":"","ast-site-content-layout":"","site-content-style":"default","site-sidebar-style":"default","ast-global-header-display":"","ast-banner-title-visibility":"","ast-main-header-display":"","ast-hfb-above-header-display":"","ast-hfb-below-header-display":"","ast-hfb-mobile-header-display":"","site-post-title":"","ast-breadcrumbs-content":"","ast-featured-img":"","footer-sml-layout":"","theme-transparent-header-meta":"","adv-header-id-meta":"","stick-header-meta":"","header-above-stick-meta":"","header-main-stick-meta":"","header-below-stick-meta":"","astra-migrate-meta-layouts":"default","ast-page-background-enabled":"default","ast-page-background-meta":{"desktop":{"background-color":"var(--ast-global-color-4)","background-image":"","background-repeat":"repeat","background-position":"center center","background-size":"auto","background-attachment":"scroll","background-type":"","background-media":"","overlay-type":"","overlay-color":"","overlay-opacity":"","overlay-gradient":""},"tablet":{"background-color":"","background-image":"","background-repeat":"repeat","background-position":"center center","background-size":"auto","background-attachment":"scroll","background-type":"","background-media":"","overlay-type":"","overlay-color":"","overlay-opacity":"","overlay-gradient":""},"mobile":{"background-color":"","background-image":"","background-repeat":"repeat","background-position":"center center","background-size":"auto","background-attachment":"scroll","background-type":"","background-media":"","overlay-type":"","overlay-color":"","overlay-opacity":"","overlay-gradient":""}},"ast-content-background-meta":{"desktop":{"background-color":"var(--ast-global-color-5)","background-image":"","background-repeat":"repeat","background-position":"center center","background-size":"auto","background-attachment":"scroll","background-type":"","background-media":"","overlay-type":"","overlay-color":"","overlay-opacity":"","overlay-gradient":""},"tablet":{"background-color":"var(--ast-global-color-5)","background-image":"","background-repeat":"repeat","background-position":"center center","background-size":"auto","background-attachment":"scroll","background-type":"","background-media":"","overlay-type":"","overlay-color":"","overlay-opacity":"","overlay-gradient":""},"mobile":{"background-color":"var(--ast-global-color-5)","background-image":"","background-repeat":"repeat","background-position":"center center","background-size":"auto","background-attachment":"scroll","background-type":"","background-media":"","overlay-type":"","overlay-color":"","overlay-opacity":"","overlay-gradient":""}}},"product_cat":[22],"product_tag":[],"class_list":{"0":"post-13320","1":"product","2":"type-product","3":"status-publish","4":"has-post-thumbnail","6":"product_cat-vlastivedny-zbornik-povazia","7":"desktop-align-left","8":"tablet-align-left","9":"mobile-align-left","10":"ast-product-gallery-layout-horizontal-slider","11":"ast-magnify-disabled","12":"ast-product-tabs-layout-horizontal","14":"first","15":"instock","16":"shipping-taxable","17":"purchasable","18":"product-type-simple"},"yoast_head":"<!-- This site is optimized with the Yoast SEO plugin v27.4 - https:\/\/yoast.com\/product\/yoast-seo-wordpress\/ -->\n<title>Vlastivedn\u00fd zborn\u00edk Pova\u017eia XXIII - Pova\u017esk\u00e9 m\u00fazeum<\/title>\n<meta name=\"robots\" content=\"index, follow, max-snippet:-1, max-image-preview:large, max-video-preview:-1\" \/>\n<link rel=\"canonical\" href=\"https:\/\/pmza.sk\/?product=vlastivedny-zbornik-povazia-xxiii\" \/>\n<meta property=\"og:locale\" content=\"sk_SK\" \/>\n<meta property=\"og:type\" content=\"article\" \/>\n<meta property=\"og:title\" content=\"Vlastivedn\u00fd zborn\u00edk Pova\u017eia XXIII - Pova\u017esk\u00e9 m\u00fazeum\" \/>\n<meta property=\"og:description\" content=\"Vlastivedn\u00fd zborn\u00edk Pova\u017eia XXIII \u017dilina, Pova\u017esk\u00e9 m\u00fazeum, 2006 205 s. \u2013 rozmery 16,5 x 23,8 \u2013 bro\u017eovan\u00e1 v\u00e4zba &nbsp; Z obsahu:\u00a0 DUD\u00c1\u0160, M.: Budovanie evanjelick\u00e9ho a. v. kostola v \u017diline. HL\u00d4\u0160KA, L.: Distrib\u00facia drobn\u00fdch cicavcov a variabilita mikrohabitatov v \u00fadol\u00ed Kriv\u00e1nskej rizne. HL\u00d4\u0160KA, L.: M\u00e4kk\u00fd\u0161e (Mollusca: Gastropoda) al\u00favia Kriv\u00e1nskej rizne. JANAS, K.: reforma verejnej spr\u00e1vy [&hellip;]\" \/>\n<meta property=\"og:url\" content=\"https:\/\/pmza.sk\/?product=vlastivedny-zbornik-povazia-xxiii\" \/>\n<meta property=\"og:site_name\" content=\"Pova\u017esk\u00e9 m\u00fazeum\" \/>\n<meta property=\"article:publisher\" content=\"https:\/\/www.facebook.com\/povazskemuzeum\" \/>\n<meta property=\"article:modified_time\" content=\"2022-11-07T09:19:27+00:00\" \/>\n<meta property=\"og:image\" content=\"https:\/\/pmza.sk\/wp-content\/uploads\/2013\/11\/VZP-XXIII.jpg\" \/>\n\t<meta property=\"og:image:width\" content=\"310\" \/>\n\t<meta property=\"og:image:height\" content=\"448\" \/>\n\t<meta property=\"og:image:type\" content=\"image\/jpeg\" \/>\n<meta name=\"twitter:card\" content=\"summary_large_image\" \/>\n<meta name=\"twitter:label1\" content=\"Predpokladan\u00fd \u010das \u010d\u00edtania\" \/>\n\t<meta name=\"twitter:data1\" content=\"1 min\u00fata\" \/>\n<script type=\"application\/ld+json\" class=\"yoast-schema-graph\">{\"@context\":\"https:\\\/\\\/schema.org\",\"@graph\":[{\"@type\":\"WebPage\",\"@id\":\"https:\\\/\\\/pmza.sk\\\/?product=vlastivedny-zbornik-povazia-xxiii\",\"url\":\"https:\\\/\\\/pmza.sk\\\/?product=vlastivedny-zbornik-povazia-xxiii\",\"name\":\"Vlastivedn\u00fd zborn\u00edk Pova\u017eia XXIII - Pova\u017esk\u00e9 m\u00fazeum\",\"isPartOf\":{\"@id\":\"https:\\\/\\\/pmza.sk\\\/#website\"},\"primaryImageOfPage\":{\"@id\":\"https:\\\/\\\/pmza.sk\\\/?product=vlastivedny-zbornik-povazia-xxiii#primaryimage\"},\"image\":{\"@id\":\"https:\\\/\\\/pmza.sk\\\/?product=vlastivedny-zbornik-povazia-xxiii#primaryimage\"},\"thumbnailUrl\":\"https:\\\/\\\/pmza.sk\\\/wp-content\\\/uploads\\\/2013\\\/11\\\/VZP-XXIII.jpg\",\"datePublished\":\"2006-11-26T14:23:14+00:00\",\"dateModified\":\"2022-11-07T09:19:27+00:00\",\"breadcrumb\":{\"@id\":\"https:\\\/\\\/pmza.sk\\\/?product=vlastivedny-zbornik-povazia-xxiii#breadcrumb\"},\"inLanguage\":\"sk-SK\",\"potentialAction\":[{\"@type\":\"ReadAction\",\"target\":[\"https:\\\/\\\/pmza.sk\\\/?product=vlastivedny-zbornik-povazia-xxiii\"]}]},{\"@type\":\"ImageObject\",\"inLanguage\":\"sk-SK\",\"@id\":\"https:\\\/\\\/pmza.sk\\\/?product=vlastivedny-zbornik-povazia-xxiii#primaryimage\",\"url\":\"https:\\\/\\\/pmza.sk\\\/wp-content\\\/uploads\\\/2013\\\/11\\\/VZP-XXIII.jpg\",\"contentUrl\":\"https:\\\/\\\/pmza.sk\\\/wp-content\\\/uploads\\\/2013\\\/11\\\/VZP-XXIII.jpg\",\"width\":310,\"height\":448},{\"@type\":\"BreadcrumbList\",\"@id\":\"https:\\\/\\\/pmza.sk\\\/?product=vlastivedny-zbornik-povazia-xxiii#breadcrumb\",\"itemListElement\":[{\"@type\":\"ListItem\",\"position\":1,\"name\":\"Domovsk\u00e1 str\u00e1nka\",\"item\":\"https:\\\/\\\/pmza.sk\\\/\"},{\"@type\":\"ListItem\",\"position\":2,\"name\":\"Obchod\",\"item\":\"https:\\\/\\\/pmza.sk\\\/?page_id=7\"},{\"@type\":\"ListItem\",\"position\":3,\"name\":\"Vlastivedn\u00fd zborn\u00edk Pova\u017eia XXIII\"}]},{\"@type\":\"WebSite\",\"@id\":\"https:\\\/\\\/pmza.sk\\\/#website\",\"url\":\"https:\\\/\\\/pmza.sk\\\/\",\"name\":\"Pova\u017esk\u00e9 m\u00fazeum\",\"description\":\"Pova\u017esk\u00e9 m\u00fazeum v \u017diline je region\u00e1lne m\u00fazeum so s\u00eddlom v Budat\u00edne. Jeho expoz\u00edcie s\u00fa zameran\u00e9 na dejiny slovensk\u00e9ho umenia, kult\u00fary a dopravy.\",\"publisher\":{\"@id\":\"https:\\\/\\\/pmza.sk\\\/#organization\"},\"potentialAction\":[{\"@type\":\"SearchAction\",\"target\":{\"@type\":\"EntryPoint\",\"urlTemplate\":\"https:\\\/\\\/pmza.sk\\\/?s={search_term_string}\"},\"query-input\":{\"@type\":\"PropertyValueSpecification\",\"valueRequired\":true,\"valueName\":\"search_term_string\"}}],\"inLanguage\":\"sk-SK\"},{\"@type\":\"Organization\",\"@id\":\"https:\\\/\\\/pmza.sk\\\/#organization\",\"name\":\"Pova\u017esk\u00e9 m\u00fazeum\",\"url\":\"https:\\\/\\\/pmza.sk\\\/\",\"logo\":{\"@type\":\"ImageObject\",\"inLanguage\":\"sk-SK\",\"@id\":\"https:\\\/\\\/pmza.sk\\\/#\\\/schema\\\/logo\\\/image\\\/\",\"url\":\"https:\\\/\\\/pmza.sk\\\/wp-content\\\/uploads\\\/2022\\\/01\\\/logo_PM_horizontal.jpg\",\"contentUrl\":\"https:\\\/\\\/pmza.sk\\\/wp-content\\\/uploads\\\/2022\\\/01\\\/logo_PM_horizontal.jpg\",\"width\":231,\"height\":142,\"caption\":\"Pova\u017esk\u00e9 m\u00fazeum\"},\"image\":{\"@id\":\"https:\\\/\\\/pmza.sk\\\/#\\\/schema\\\/logo\\\/image\\\/\"},\"sameAs\":[\"https:\\\/\\\/www.facebook.com\\\/povazskemuzeum\",\"https:\\\/\\\/www.instagram.com\\\/povazskemuzeum\\\/\"]}]}<\/script>\n<!-- \/ Yoast SEO plugin. -->","yoast_head_json":{"title":"Vlastivedn\u00fd zborn\u00edk Pova\u017eia XXIII - Pova\u017esk\u00e9 m\u00fazeum","robots":{"index":"index","follow":"follow","max-snippet":"max-snippet:-1","max-image-preview":"max-image-preview:large","max-video-preview":"max-video-preview:-1"},"canonical":"https:\/\/pmza.sk\/?product=vlastivedny-zbornik-povazia-xxiii","og_locale":"sk_SK","og_type":"article","og_title":"Vlastivedn\u00fd zborn\u00edk Pova\u017eia XXIII - Pova\u017esk\u00e9 m\u00fazeum","og_description":"Vlastivedn\u00fd zborn\u00edk Pova\u017eia XXIII \u017dilina, Pova\u017esk\u00e9 m\u00fazeum, 2006 205 s. \u2013 rozmery 16,5 x 23,8 \u2013 bro\u017eovan\u00e1 v\u00e4zba &nbsp; Z obsahu:\u00a0 DUD\u00c1\u0160, M.: Budovanie evanjelick\u00e9ho a. v. kostola v \u017diline. HL\u00d4\u0160KA, L.: Distrib\u00facia drobn\u00fdch cicavcov a variabilita mikrohabitatov v \u00fadol\u00ed Kriv\u00e1nskej rizne. HL\u00d4\u0160KA, L.: M\u00e4kk\u00fd\u0161e (Mollusca: Gastropoda) al\u00favia Kriv\u00e1nskej rizne. JANAS, K.: reforma verejnej spr\u00e1vy [&hellip;]","og_url":"https:\/\/pmza.sk\/?product=vlastivedny-zbornik-povazia-xxiii","og_site_name":"Pova\u017esk\u00e9 m\u00fazeum","article_publisher":"https:\/\/www.facebook.com\/povazskemuzeum","article_modified_time":"2022-11-07T09:19:27+00:00","og_image":[{"width":310,"height":448,"url":"https:\/\/pmza.sk\/wp-content\/uploads\/2013\/11\/VZP-XXIII.jpg","type":"image\/jpeg"}],"twitter_card":"summary_large_image","twitter_misc":{"Predpokladan\u00fd \u010das \u010d\u00edtania":"1 min\u00fata"},"schema":{"@context":"https:\/\/schema.org","@graph":[{"@type":"WebPage","@id":"https:\/\/pmza.sk\/?product=vlastivedny-zbornik-povazia-xxiii","url":"https:\/\/pmza.sk\/?product=vlastivedny-zbornik-povazia-xxiii","name":"Vlastivedn\u00fd zborn\u00edk Pova\u017eia XXIII - Pova\u017esk\u00e9 m\u00fazeum","isPartOf":{"@id":"https:\/\/pmza.sk\/#website"},"primaryImageOfPage":{"@id":"https:\/\/pmza.sk\/?product=vlastivedny-zbornik-povazia-xxiii#primaryimage"},"image":{"@id":"https:\/\/pmza.sk\/?product=vlastivedny-zbornik-povazia-xxiii#primaryimage"},"thumbnailUrl":"https:\/\/pmza.sk\/wp-content\/uploads\/2013\/11\/VZP-XXIII.jpg","datePublished":"2006-11-26T14:23:14+00:00","dateModified":"2022-11-07T09:19:27+00:00","breadcrumb":{"@id":"https:\/\/pmza.sk\/?product=vlastivedny-zbornik-povazia-xxiii#breadcrumb"},"inLanguage":"sk-SK","potentialAction":[{"@type":"ReadAction","target":["https:\/\/pmza.sk\/?product=vlastivedny-zbornik-povazia-xxiii"]}]},{"@type":"ImageObject","inLanguage":"sk-SK","@id":"https:\/\/pmza.sk\/?product=vlastivedny-zbornik-povazia-xxiii#primaryimage","url":"https:\/\/pmza.sk\/wp-content\/uploads\/2013\/11\/VZP-XXIII.jpg","contentUrl":"https:\/\/pmza.sk\/wp-content\/uploads\/2013\/11\/VZP-XXIII.jpg","width":310,"height":448},{"@type":"BreadcrumbList","@id":"https:\/\/pmza.sk\/?product=vlastivedny-zbornik-povazia-xxiii#breadcrumb","itemListElement":[{"@type":"ListItem","position":1,"name":"Domovsk\u00e1 str\u00e1nka","item":"https:\/\/pmza.sk\/"},{"@type":"ListItem","position":2,"name":"Obchod","item":"https:\/\/pmza.sk\/?page_id=7"},{"@type":"ListItem","position":3,"name":"Vlastivedn\u00fd zborn\u00edk Pova\u017eia XXIII"}]},{"@type":"WebSite","@id":"https:\/\/pmza.sk\/#website","url":"https:\/\/pmza.sk\/","name":"Pova\u017esk\u00e9 m\u00fazeum","description":"Pova\u017esk\u00e9 m\u00fazeum v \u017diline je region\u00e1lne m\u00fazeum so s\u00eddlom v Budat\u00edne. Jeho expoz\u00edcie s\u00fa zameran\u00e9 na dejiny slovensk\u00e9ho umenia, kult\u00fary a dopravy.","publisher":{"@id":"https:\/\/pmza.sk\/#organization"},"potentialAction":[{"@type":"SearchAction","target":{"@type":"EntryPoint","urlTemplate":"https:\/\/pmza.sk\/?s={search_term_string}"},"query-input":{"@type":"PropertyValueSpecification","valueRequired":true,"valueName":"search_term_string"}}],"inLanguage":"sk-SK"},{"@type":"Organization","@id":"https:\/\/pmza.sk\/#organization","name":"Pova\u017esk\u00e9 m\u00fazeum","url":"https:\/\/pmza.sk\/","logo":{"@type":"ImageObject","inLanguage":"sk-SK","@id":"https:\/\/pmza.sk\/#\/schema\/logo\/image\/","url":"https:\/\/pmza.sk\/wp-content\/uploads\/2022\/01\/logo_PM_horizontal.jpg","contentUrl":"https:\/\/pmza.sk\/wp-content\/uploads\/2022\/01\/logo_PM_horizontal.jpg","width":231,"height":142,"caption":"Pova\u017esk\u00e9 m\u00fazeum"},"image":{"@id":"https:\/\/pmza.sk\/#\/schema\/logo\/image\/"},"sameAs":["https:\/\/www.facebook.com\/povazskemuzeum","https:\/\/www.instagram.com\/povazskemuzeum\/"]}]}},"_links":{"self":[{"href":"https:\/\/pmza.sk\/index.php?rest_route=\/wp\/v2\/product\/13320","targetHints":{"allow":["GET"]}}],"collection":[{"href":"https:\/\/pmza.sk\/index.php?rest_route=\/wp\/v2\/product"}],"about":[{"href":"https:\/\/pmza.sk\/index.php?rest_route=\/wp\/v2\/types\/product"}],"wp:featuredmedia":[{"embeddable":true,"href":"https:\/\/pmza.sk\/index.php?rest_route=\/wp\/v2\/media\/13418"}],"wp:attachment":[{"href":"https:\/\/pmza.sk\/index.php?rest_route=%2Fwp%2Fv2%2Fmedia&parent=13320"}],"wp:term":[{"taxonomy":"product_cat","embeddable":true,"href":"https:\/\/pmza.sk\/index.php?rest_route=%2Fwp%2Fv2%2Fproduct_cat&post=13320"},{"taxonomy":"product_tag","embeddable":true,"href":"https:\/\/pmza.sk\/index.php?rest_route=%2Fwp%2Fv2%2Fproduct_tag&post=13320"}],"curies":[{"name":"wp","href":"https:\/\/api.w.org\/{rel}","templated":true}]}}