{"id":13324,"date":"1998-11-26T15:46:12","date_gmt":"1998-11-26T14:46:12","guid":{"rendered":"https:\/\/pmza.sk.sk\/pl\/?post_type=product&#038;p=160"},"modified":"2022-11-07T10:31:46","modified_gmt":"2022-11-07T09:31:46","slug":"vlastivedny-zbornik-povazia-xix","status":"publish","type":"product","link":"https:\/\/pmza.sk\/?product=vlastivedny-zbornik-povazia-xix","title":{"rendered":"Vlastivedn\u00fd zborn\u00edk Pova\u017eia XIX"},"content":{"rendered":"<p><strong>Vlastivedn\u00fd zborn\u00edk Pova\u017eia XIX <\/strong><\/p>\n<p>\u017dilina, Pova\u017esk\u00e9 m\u00fazeum, 1998<\/p>\n<p>145 s. \u2013 rozmery 16,5 x 23,8 \u2013 bro\u017eovan\u00e1 v\u00e4zba<\/p>\n<p><strong>Obsah:<\/strong><\/p>\n<p>\u0160kvarnov\u00e1, Monika: Sakr\u00e1lna tvorba Jozefa Hanulu v okol\u00ed \u017diliny a na Kysuciach<\/p>\n<p>Ok\u00e1nikov\u00e1, M\u00e1ria: Z hist\u00f3rie \u0161kolstva v \u017diline (Re\u00e1lne gymn\u00e1zium 1918-1945)<\/p>\n<p>Hallonov\u00e1, Katar\u00edna: Drot\u00e1rske zbierky v slovensk\u00fdch a \u010desk\u00fdch m\u00faze\u00e1ch<\/p>\n<p>Mrvov\u00e1, Jaroslava: Re\u0161taurovanie rozmernej kompoz\u00edcie z umeleck\u00fdch zbierok\u00a0Pova\u017esk\u00e9ho m\u00fazea v \u017diline<\/p>\n<p>Urbanov\u00e1, Vikt\u00f3ria: Nelesn\u00e9 rastlinn\u00e9 spolo\u010denstv\u00e1 NPR K\u013eak<\/p>\n<p>Hl\u00f4\u0161ka, Ladislav: Poznatky o sez\u00f3nnom v\u00fdskyte a hniezdnej biol\u00f3gii orla skaln\u00e9ho v Kriv\u00e1nskej Malej Fatre<\/p>\n<p>Astalo\u0161, Boris: Kosce NPR K\u013eak v Malej Fatre<\/p>\n<p>Astalo\u0161, Boris &#8211; Mih\u00e1l, I. -Ma\u0161\u00e1n, P. &#8211; Sta\u0148kov\u00e1, E.: Kosce chr\u00e1nenej krajinnej oblasti Kysuce<\/p>\n<p>Svato\u0148, J. &#8211; Franc, V. &#8211; Kraj\u010da, A. &#8211; Krump\u00e1lov\u00e1, Z.: K poznaniu pav\u00fakov CHKO Kysuce<\/p>\n<p>Muzeum v Sosnowcu: Kronika dzialalno\u015bci za lata 1995 &#8211; czerwiec 1998<\/p>\n<p>Pra\u017eenicov\u00e1, Viera: Projekt a realiz\u00e1cia atnologick\u00e9ho v\u00fdskumu v oblasti Vodn\u00e9ho diela \u017dilina<\/p>\n<p>\u0160kvarnov\u00e1, Monika: Premeny dr\u00f4tu<\/p>\n","protected":false},"excerpt":{"rendered":"<p>Vlastivedn\u00fd zborn\u00edk Pova\u017eia XIX \u017dilina, Pova\u017esk\u00e9 m\u00fazeum, 1998 145 s. \u2013 rozmery 16,5 x 23,8 \u2013 bro\u017eovan\u00e1 v\u00e4zba Obsah: \u0160kvarnov\u00e1, Monika: Sakr\u00e1lna tvorba Jozefa Hanulu v okol\u00ed \u017diliny a na Kysuciach Ok\u00e1nikov\u00e1, M\u00e1ria: Z hist\u00f3rie \u0161kolstva v \u017diline (Re\u00e1lne gymn\u00e1zium 1918-1945) Hallonov\u00e1, Katar\u00edna: Drot\u00e1rske zbierky v slovensk\u00fdch a \u010desk\u00fdch m\u00faze\u00e1ch Mrvov\u00e1, Jaroslava: Re\u0161taurovanie rozmernej kompoz\u00edcie [&hellip;]<\/p>\n","protected":false},"featured_media":34086,"template":"","meta":{"site-sidebar-layout":"default","site-content-layout":"","ast-site-content-layout":"","site-content-style":"default","site-sidebar-style":"default","ast-global-header-display":"","ast-banner-title-visibility":"","ast-main-header-display":"","ast-hfb-above-header-display":"","ast-hfb-below-header-display":"","ast-hfb-mobile-header-display":"","site-post-title":"","ast-breadcrumbs-content":"","ast-featured-img":"","footer-sml-layout":"","theme-transparent-header-meta":"","adv-header-id-meta":"","stick-header-meta":"","header-above-stick-meta":"","header-main-stick-meta":"","header-below-stick-meta":"","astra-migrate-meta-layouts":"default","ast-page-background-enabled":"default","ast-page-background-meta":{"desktop":{"background-color":"var(--ast-global-color-4)","background-image":"","background-repeat":"repeat","background-position":"center center","background-size":"auto","background-attachment":"scroll","background-type":"","background-media":"","overlay-type":"","overlay-color":"","overlay-opacity":"","overlay-gradient":""},"tablet":{"background-color":"","background-image":"","background-repeat":"repeat","background-position":"center center","background-size":"auto","background-attachment":"scroll","background-type":"","background-media":"","overlay-type":"","overlay-color":"","overlay-opacity":"","overlay-gradient":""},"mobile":{"background-color":"","background-image":"","background-repeat":"repeat","background-position":"center center","background-size":"auto","background-attachment":"scroll","background-type":"","background-media":"","overlay-type":"","overlay-color":"","overlay-opacity":"","overlay-gradient":""}},"ast-content-background-meta":{"desktop":{"background-color":"var(--ast-global-color-5)","background-image":"","background-repeat":"repeat","background-position":"center center","background-size":"auto","background-attachment":"scroll","background-type":"","background-media":"","overlay-type":"","overlay-color":"","overlay-opacity":"","overlay-gradient":""},"tablet":{"background-color":"var(--ast-global-color-5)","background-image":"","background-repeat":"repeat","background-position":"center center","background-size":"auto","background-attachment":"scroll","background-type":"","background-media":"","overlay-type":"","overlay-color":"","overlay-opacity":"","overlay-gradient":""},"mobile":{"background-color":"var(--ast-global-color-5)","background-image":"","background-repeat":"repeat","background-position":"center center","background-size":"auto","background-attachment":"scroll","background-type":"","background-media":"","overlay-type":"","overlay-color":"","overlay-opacity":"","overlay-gradient":""}}},"product_cat":[22],"product_tag":[],"class_list":{"0":"post-13324","1":"product","2":"type-product","3":"status-publish","4":"has-post-thumbnail","6":"product_cat-vlastivedny-zbornik-povazia","7":"desktop-align-left","8":"tablet-align-left","9":"mobile-align-left","10":"ast-product-gallery-layout-horizontal-slider","11":"ast-magnify-disabled","12":"ast-product-tabs-layout-horizontal","14":"first","15":"instock","16":"shipping-taxable","17":"purchasable","18":"product-type-simple"},"yoast_head":"<!-- This site is optimized with the Yoast SEO plugin v27.4 - https:\/\/yoast.com\/product\/yoast-seo-wordpress\/ -->\n<title>Vlastivedn\u00fd zborn\u00edk Pova\u017eia XIX - Pova\u017esk\u00e9 m\u00fazeum<\/title>\n<meta name=\"robots\" content=\"index, follow, max-snippet:-1, max-image-preview:large, max-video-preview:-1\" \/>\n<link rel=\"canonical\" href=\"https:\/\/pmza.sk\/?product=vlastivedny-zbornik-povazia-xix\" \/>\n<meta property=\"og:locale\" content=\"sk_SK\" \/>\n<meta property=\"og:type\" content=\"article\" \/>\n<meta property=\"og:title\" content=\"Vlastivedn\u00fd zborn\u00edk Pova\u017eia XIX - Pova\u017esk\u00e9 m\u00fazeum\" \/>\n<meta property=\"og:description\" content=\"Vlastivedn\u00fd zborn\u00edk Pova\u017eia XIX \u017dilina, Pova\u017esk\u00e9 m\u00fazeum, 1998 145 s. \u2013 rozmery 16,5 x 23,8 \u2013 bro\u017eovan\u00e1 v\u00e4zba Obsah: \u0160kvarnov\u00e1, Monika: Sakr\u00e1lna tvorba Jozefa Hanulu v okol\u00ed \u017diliny a na Kysuciach Ok\u00e1nikov\u00e1, M\u00e1ria: Z hist\u00f3rie \u0161kolstva v \u017diline (Re\u00e1lne gymn\u00e1zium 1918-1945) Hallonov\u00e1, Katar\u00edna: Drot\u00e1rske zbierky v slovensk\u00fdch a \u010desk\u00fdch m\u00faze\u00e1ch Mrvov\u00e1, Jaroslava: Re\u0161taurovanie rozmernej kompoz\u00edcie [&hellip;]\" \/>\n<meta property=\"og:url\" content=\"https:\/\/pmza.sk\/?product=vlastivedny-zbornik-povazia-xix\" \/>\n<meta property=\"og:site_name\" content=\"Pova\u017esk\u00e9 m\u00fazeum\" \/>\n<meta property=\"article:publisher\" content=\"https:\/\/www.facebook.com\/povazskemuzeum\" \/>\n<meta property=\"article:modified_time\" content=\"2022-11-07T09:31:46+00:00\" \/>\n<meta property=\"og:image\" content=\"https:\/\/pmza.sk\/wp-content\/uploads\/2013\/11\/zbornik19-717x1024-2.jpg\" \/>\n\t<meta property=\"og:image:width\" content=\"717\" \/>\n\t<meta property=\"og:image:height\" content=\"1024\" \/>\n\t<meta property=\"og:image:type\" content=\"image\/jpeg\" \/>\n<meta name=\"twitter:card\" content=\"summary_large_image\" \/>\n<meta name=\"twitter:label1\" content=\"Predpokladan\u00fd \u010das \u010d\u00edtania\" \/>\n\t<meta name=\"twitter:data1\" content=\"1 min\u00fata\" \/>\n<script type=\"application\/ld+json\" class=\"yoast-schema-graph\">{\"@context\":\"https:\\\/\\\/schema.org\",\"@graph\":[{\"@type\":\"WebPage\",\"@id\":\"https:\\\/\\\/pmza.sk\\\/?product=vlastivedny-zbornik-povazia-xix\",\"url\":\"https:\\\/\\\/pmza.sk\\\/?product=vlastivedny-zbornik-povazia-xix\",\"name\":\"Vlastivedn\u00fd zborn\u00edk Pova\u017eia XIX - Pova\u017esk\u00e9 m\u00fazeum\",\"isPartOf\":{\"@id\":\"https:\\\/\\\/pmza.sk\\\/#website\"},\"primaryImageOfPage\":{\"@id\":\"https:\\\/\\\/pmza.sk\\\/?product=vlastivedny-zbornik-povazia-xix#primaryimage\"},\"image\":{\"@id\":\"https:\\\/\\\/pmza.sk\\\/?product=vlastivedny-zbornik-povazia-xix#primaryimage\"},\"thumbnailUrl\":\"https:\\\/\\\/pmza.sk\\\/wp-content\\\/uploads\\\/2013\\\/11\\\/zbornik19-717x1024-2.jpg\",\"datePublished\":\"1998-11-26T14:46:12+00:00\",\"dateModified\":\"2022-11-07T09:31:46+00:00\",\"breadcrumb\":{\"@id\":\"https:\\\/\\\/pmza.sk\\\/?product=vlastivedny-zbornik-povazia-xix#breadcrumb\"},\"inLanguage\":\"sk-SK\",\"potentialAction\":[{\"@type\":\"ReadAction\",\"target\":[\"https:\\\/\\\/pmza.sk\\\/?product=vlastivedny-zbornik-povazia-xix\"]}]},{\"@type\":\"ImageObject\",\"inLanguage\":\"sk-SK\",\"@id\":\"https:\\\/\\\/pmza.sk\\\/?product=vlastivedny-zbornik-povazia-xix#primaryimage\",\"url\":\"https:\\\/\\\/pmza.sk\\\/wp-content\\\/uploads\\\/2013\\\/11\\\/zbornik19-717x1024-2.jpg\",\"contentUrl\":\"https:\\\/\\\/pmza.sk\\\/wp-content\\\/uploads\\\/2013\\\/11\\\/zbornik19-717x1024-2.jpg\",\"width\":717,\"height\":1024},{\"@type\":\"BreadcrumbList\",\"@id\":\"https:\\\/\\\/pmza.sk\\\/?product=vlastivedny-zbornik-povazia-xix#breadcrumb\",\"itemListElement\":[{\"@type\":\"ListItem\",\"position\":1,\"name\":\"Domovsk\u00e1 str\u00e1nka\",\"item\":\"https:\\\/\\\/pmza.sk\\\/\"},{\"@type\":\"ListItem\",\"position\":2,\"name\":\"Obchod\",\"item\":\"https:\\\/\\\/pmza.sk\\\/?page_id=7\"},{\"@type\":\"ListItem\",\"position\":3,\"name\":\"Vlastivedn\u00fd zborn\u00edk Pova\u017eia XIX\"}]},{\"@type\":\"WebSite\",\"@id\":\"https:\\\/\\\/pmza.sk\\\/#website\",\"url\":\"https:\\\/\\\/pmza.sk\\\/\",\"name\":\"Pova\u017esk\u00e9 m\u00fazeum\",\"description\":\"Pova\u017esk\u00e9 m\u00fazeum v \u017diline je region\u00e1lne m\u00fazeum so s\u00eddlom v Budat\u00edne. Jeho expoz\u00edcie s\u00fa zameran\u00e9 na dejiny slovensk\u00e9ho umenia, kult\u00fary a dopravy.\",\"publisher\":{\"@id\":\"https:\\\/\\\/pmza.sk\\\/#organization\"},\"potentialAction\":[{\"@type\":\"SearchAction\",\"target\":{\"@type\":\"EntryPoint\",\"urlTemplate\":\"https:\\\/\\\/pmza.sk\\\/?s={search_term_string}\"},\"query-input\":{\"@type\":\"PropertyValueSpecification\",\"valueRequired\":true,\"valueName\":\"search_term_string\"}}],\"inLanguage\":\"sk-SK\"},{\"@type\":\"Organization\",\"@id\":\"https:\\\/\\\/pmza.sk\\\/#organization\",\"name\":\"Pova\u017esk\u00e9 m\u00fazeum\",\"url\":\"https:\\\/\\\/pmza.sk\\\/\",\"logo\":{\"@type\":\"ImageObject\",\"inLanguage\":\"sk-SK\",\"@id\":\"https:\\\/\\\/pmza.sk\\\/#\\\/schema\\\/logo\\\/image\\\/\",\"url\":\"https:\\\/\\\/pmza.sk\\\/wp-content\\\/uploads\\\/2022\\\/01\\\/logo_PM_horizontal.jpg\",\"contentUrl\":\"https:\\\/\\\/pmza.sk\\\/wp-content\\\/uploads\\\/2022\\\/01\\\/logo_PM_horizontal.jpg\",\"width\":231,\"height\":142,\"caption\":\"Pova\u017esk\u00e9 m\u00fazeum\"},\"image\":{\"@id\":\"https:\\\/\\\/pmza.sk\\\/#\\\/schema\\\/logo\\\/image\\\/\"},\"sameAs\":[\"https:\\\/\\\/www.facebook.com\\\/povazskemuzeum\",\"https:\\\/\\\/www.instagram.com\\\/povazskemuzeum\\\/\"]}]}<\/script>\n<!-- \/ Yoast SEO plugin. -->","yoast_head_json":{"title":"Vlastivedn\u00fd zborn\u00edk Pova\u017eia XIX - Pova\u017esk\u00e9 m\u00fazeum","robots":{"index":"index","follow":"follow","max-snippet":"max-snippet:-1","max-image-preview":"max-image-preview:large","max-video-preview":"max-video-preview:-1"},"canonical":"https:\/\/pmza.sk\/?product=vlastivedny-zbornik-povazia-xix","og_locale":"sk_SK","og_type":"article","og_title":"Vlastivedn\u00fd zborn\u00edk Pova\u017eia XIX - Pova\u017esk\u00e9 m\u00fazeum","og_description":"Vlastivedn\u00fd zborn\u00edk Pova\u017eia XIX \u017dilina, Pova\u017esk\u00e9 m\u00fazeum, 1998 145 s. \u2013 rozmery 16,5 x 23,8 \u2013 bro\u017eovan\u00e1 v\u00e4zba Obsah: \u0160kvarnov\u00e1, Monika: Sakr\u00e1lna tvorba Jozefa Hanulu v okol\u00ed \u017diliny a na Kysuciach Ok\u00e1nikov\u00e1, M\u00e1ria: Z hist\u00f3rie \u0161kolstva v \u017diline (Re\u00e1lne gymn\u00e1zium 1918-1945) Hallonov\u00e1, Katar\u00edna: Drot\u00e1rske zbierky v slovensk\u00fdch a \u010desk\u00fdch m\u00faze\u00e1ch Mrvov\u00e1, Jaroslava: Re\u0161taurovanie rozmernej kompoz\u00edcie [&hellip;]","og_url":"https:\/\/pmza.sk\/?product=vlastivedny-zbornik-povazia-xix","og_site_name":"Pova\u017esk\u00e9 m\u00fazeum","article_publisher":"https:\/\/www.facebook.com\/povazskemuzeum","article_modified_time":"2022-11-07T09:31:46+00:00","og_image":[{"width":717,"height":1024,"url":"https:\/\/pmza.sk\/wp-content\/uploads\/2013\/11\/zbornik19-717x1024-2.jpg","type":"image\/jpeg"}],"twitter_card":"summary_large_image","twitter_misc":{"Predpokladan\u00fd \u010das \u010d\u00edtania":"1 min\u00fata"},"schema":{"@context":"https:\/\/schema.org","@graph":[{"@type":"WebPage","@id":"https:\/\/pmza.sk\/?product=vlastivedny-zbornik-povazia-xix","url":"https:\/\/pmza.sk\/?product=vlastivedny-zbornik-povazia-xix","name":"Vlastivedn\u00fd zborn\u00edk Pova\u017eia XIX - Pova\u017esk\u00e9 m\u00fazeum","isPartOf":{"@id":"https:\/\/pmza.sk\/#website"},"primaryImageOfPage":{"@id":"https:\/\/pmza.sk\/?product=vlastivedny-zbornik-povazia-xix#primaryimage"},"image":{"@id":"https:\/\/pmza.sk\/?product=vlastivedny-zbornik-povazia-xix#primaryimage"},"thumbnailUrl":"https:\/\/pmza.sk\/wp-content\/uploads\/2013\/11\/zbornik19-717x1024-2.jpg","datePublished":"1998-11-26T14:46:12+00:00","dateModified":"2022-11-07T09:31:46+00:00","breadcrumb":{"@id":"https:\/\/pmza.sk\/?product=vlastivedny-zbornik-povazia-xix#breadcrumb"},"inLanguage":"sk-SK","potentialAction":[{"@type":"ReadAction","target":["https:\/\/pmza.sk\/?product=vlastivedny-zbornik-povazia-xix"]}]},{"@type":"ImageObject","inLanguage":"sk-SK","@id":"https:\/\/pmza.sk\/?product=vlastivedny-zbornik-povazia-xix#primaryimage","url":"https:\/\/pmza.sk\/wp-content\/uploads\/2013\/11\/zbornik19-717x1024-2.jpg","contentUrl":"https:\/\/pmza.sk\/wp-content\/uploads\/2013\/11\/zbornik19-717x1024-2.jpg","width":717,"height":1024},{"@type":"BreadcrumbList","@id":"https:\/\/pmza.sk\/?product=vlastivedny-zbornik-povazia-xix#breadcrumb","itemListElement":[{"@type":"ListItem","position":1,"name":"Domovsk\u00e1 str\u00e1nka","item":"https:\/\/pmza.sk\/"},{"@type":"ListItem","position":2,"name":"Obchod","item":"https:\/\/pmza.sk\/?page_id=7"},{"@type":"ListItem","position":3,"name":"Vlastivedn\u00fd zborn\u00edk Pova\u017eia XIX"}]},{"@type":"WebSite","@id":"https:\/\/pmza.sk\/#website","url":"https:\/\/pmza.sk\/","name":"Pova\u017esk\u00e9 m\u00fazeum","description":"Pova\u017esk\u00e9 m\u00fazeum v \u017diline je region\u00e1lne m\u00fazeum so s\u00eddlom v Budat\u00edne. Jeho expoz\u00edcie s\u00fa zameran\u00e9 na dejiny slovensk\u00e9ho umenia, kult\u00fary a dopravy.","publisher":{"@id":"https:\/\/pmza.sk\/#organization"},"potentialAction":[{"@type":"SearchAction","target":{"@type":"EntryPoint","urlTemplate":"https:\/\/pmza.sk\/?s={search_term_string}"},"query-input":{"@type":"PropertyValueSpecification","valueRequired":true,"valueName":"search_term_string"}}],"inLanguage":"sk-SK"},{"@type":"Organization","@id":"https:\/\/pmza.sk\/#organization","name":"Pova\u017esk\u00e9 m\u00fazeum","url":"https:\/\/pmza.sk\/","logo":{"@type":"ImageObject","inLanguage":"sk-SK","@id":"https:\/\/pmza.sk\/#\/schema\/logo\/image\/","url":"https:\/\/pmza.sk\/wp-content\/uploads\/2022\/01\/logo_PM_horizontal.jpg","contentUrl":"https:\/\/pmza.sk\/wp-content\/uploads\/2022\/01\/logo_PM_horizontal.jpg","width":231,"height":142,"caption":"Pova\u017esk\u00e9 m\u00fazeum"},"image":{"@id":"https:\/\/pmza.sk\/#\/schema\/logo\/image\/"},"sameAs":["https:\/\/www.facebook.com\/povazskemuzeum","https:\/\/www.instagram.com\/povazskemuzeum\/"]}]}},"_links":{"self":[{"href":"https:\/\/pmza.sk\/index.php?rest_route=\/wp\/v2\/product\/13324","targetHints":{"allow":["GET"]}}],"collection":[{"href":"https:\/\/pmza.sk\/index.php?rest_route=\/wp\/v2\/product"}],"about":[{"href":"https:\/\/pmza.sk\/index.php?rest_route=\/wp\/v2\/types\/product"}],"wp:featuredmedia":[{"embeddable":true,"href":"https:\/\/pmza.sk\/index.php?rest_route=\/wp\/v2\/media\/34086"}],"wp:attachment":[{"href":"https:\/\/pmza.sk\/index.php?rest_route=%2Fwp%2Fv2%2Fmedia&parent=13324"}],"wp:term":[{"taxonomy":"product_cat","embeddable":true,"href":"https:\/\/pmza.sk\/index.php?rest_route=%2Fwp%2Fv2%2Fproduct_cat&post=13324"},{"taxonomy":"product_tag","embeddable":true,"href":"https:\/\/pmza.sk\/index.php?rest_route=%2Fwp%2Fv2%2Fproduct_tag&post=13324"}],"curies":[{"name":"wp","href":"https:\/\/api.w.org\/{rel}","templated":true}]}}