{"id":13333,"date":"2004-06-17T10:50:03","date_gmt":"2004-06-17T08:50:03","guid":{"rendered":"https:\/\/pmza.sk.sk\/pl\/?post_type=product&#038;p=275"},"modified":"2022-07-01T08:13:34","modified_gmt":"2022-07-01T06:13:34","slug":"karol-cengel","status":"publish","type":"product","link":"https:\/\/pmza.sk\/?product=karol-cengel","title":{"rendered":"Karol Cengel"},"content":{"rendered":"<p>RNDr. Andrej Stollmann:<\/p>\n<p><strong>Karol Cengel<\/strong><\/p>\n<p>\u017dilina, Pova\u017esk\u00e9 m\u00fazeum, 2004,<\/p>\n<p>20,5 x 13 cm, 24 s.<\/p>\n<p>Spomienka na v\u00fdznamn\u00e9ho pracovn\u00edka Pova\u017esk\u00e9ho m\u00fazea, prepar\u00e1tora Karola Cengela, ktor\u00fd zanechal v\u00fdznamn\u00fa stopu v dejin\u00e1ch mesta \u017diliny.<\/p>\n","protected":false},"excerpt":{"rendered":"<p>RNDr. Andrej Stollmann: Karol Cengel \u017dilina, Pova\u017esk\u00e9 m\u00fazeum, 2004, 20,5 x 13 cm, 24 s. Spomienka na v\u00fdznamn\u00e9ho pracovn\u00edka Pova\u017esk\u00e9ho m\u00fazea, prepar\u00e1tora Karola Cengela, ktor\u00fd zanechal v\u00fdznamn\u00fa stopu v dejin\u00e1ch mesta \u017diliny.<\/p>\n","protected":false},"featured_media":13369,"template":"","meta":{"site-sidebar-layout":"default","site-content-layout":"","ast-site-content-layout":"","site-content-style":"default","site-sidebar-style":"default","ast-global-header-display":"","ast-banner-title-visibility":"","ast-main-header-display":"","ast-hfb-above-header-display":"","ast-hfb-below-header-display":"","ast-hfb-mobile-header-display":"","site-post-title":"","ast-breadcrumbs-content":"","ast-featured-img":"","footer-sml-layout":"","theme-transparent-header-meta":"","adv-header-id-meta":"","stick-header-meta":"","header-above-stick-meta":"","header-main-stick-meta":"","header-below-stick-meta":"","astra-migrate-meta-layouts":"default","ast-page-background-enabled":"default","ast-page-background-meta":{"desktop":{"background-color":"var(--ast-global-color-4)","background-image":"","background-repeat":"repeat","background-position":"center center","background-size":"auto","background-attachment":"scroll","background-type":"","background-media":"","overlay-type":"","overlay-color":"","overlay-opacity":"","overlay-gradient":""},"tablet":{"background-color":"","background-image":"","background-repeat":"repeat","background-position":"center center","background-size":"auto","background-attachment":"scroll","background-type":"","background-media":"","overlay-type":"","overlay-color":"","overlay-opacity":"","overlay-gradient":""},"mobile":{"background-color":"","background-image":"","background-repeat":"repeat","background-position":"center center","background-size":"auto","background-attachment":"scroll","background-type":"","background-media":"","overlay-type":"","overlay-color":"","overlay-opacity":"","overlay-gradient":""}},"ast-content-background-meta":{"desktop":{"background-color":"var(--ast-global-color-5)","background-image":"","background-repeat":"repeat","background-position":"center center","background-size":"auto","background-attachment":"scroll","background-type":"","background-media":"","overlay-type":"","overlay-color":"","overlay-opacity":"","overlay-gradient":""},"tablet":{"background-color":"var(--ast-global-color-5)","background-image":"","background-repeat":"repeat","background-position":"center center","background-size":"auto","background-attachment":"scroll","background-type":"","background-media":"","overlay-type":"","overlay-color":"","overlay-opacity":"","overlay-gradient":""},"mobile":{"background-color":"var(--ast-global-color-5)","background-image":"","background-repeat":"repeat","background-position":"center center","background-size":"auto","background-attachment":"scroll","background-type":"","background-media":"","overlay-type":"","overlay-color":"","overlay-opacity":"","overlay-gradient":""}}},"product_cat":[26],"product_tag":[],"class_list":{"0":"post-13333","1":"product","2":"type-product","3":"status-publish","4":"has-post-thumbnail","6":"product_cat-edicia-biografie","7":"desktop-align-left","8":"tablet-align-left","9":"mobile-align-left","10":"ast-product-gallery-layout-horizontal-slider","11":"ast-product-gallery-with-no-image","12":"ast-magnify-disabled","13":"ast-product-tabs-layout-horizontal","15":"first","16":"instock","17":"shipping-taxable","18":"purchasable","19":"product-type-simple"},"yoast_head":"<!-- This site is optimized with the Yoast SEO plugin v27.4 - https:\/\/yoast.com\/product\/yoast-seo-wordpress\/ -->\n<title>Karol Cengel - Pova\u017esk\u00e9 m\u00fazeum<\/title>\n<meta name=\"robots\" content=\"index, follow, max-snippet:-1, max-image-preview:large, max-video-preview:-1\" \/>\n<link rel=\"canonical\" href=\"https:\/\/pmza.sk\/?product=karol-cengel\" \/>\n<meta property=\"og:locale\" content=\"sk_SK\" \/>\n<meta property=\"og:type\" content=\"article\" \/>\n<meta property=\"og:title\" content=\"Karol Cengel - Pova\u017esk\u00e9 m\u00fazeum\" \/>\n<meta property=\"og:description\" content=\"RNDr. Andrej Stollmann: Karol Cengel \u017dilina, Pova\u017esk\u00e9 m\u00fazeum, 2004, 20,5 x 13 cm, 24 s. Spomienka na v\u00fdznamn\u00e9ho pracovn\u00edka Pova\u017esk\u00e9ho m\u00fazea, prepar\u00e1tora Karola Cengela, ktor\u00fd zanechal v\u00fdznamn\u00fa stopu v dejin\u00e1ch mesta \u017diliny.\" \/>\n<meta property=\"og:url\" content=\"https:\/\/pmza.sk\/?product=karol-cengel\" \/>\n<meta property=\"og:site_name\" content=\"Pova\u017esk\u00e9 m\u00fazeum\" \/>\n<meta property=\"article:publisher\" content=\"https:\/\/www.facebook.com\/povazskemuzeum\" \/>\n<meta property=\"article:modified_time\" content=\"2022-07-01T06:13:34+00:00\" \/>\n<meta property=\"og:image\" content=\"https:\/\/pmza.sk\/wp-content\/uploads\/2014\/06\/img121.jpg\" \/>\n\t<meta property=\"og:image:width\" content=\"1005\" \/>\n\t<meta property=\"og:image:height\" content=\"1606\" \/>\n\t<meta property=\"og:image:type\" content=\"image\/jpeg\" \/>\n<meta name=\"twitter:card\" content=\"summary_large_image\" \/>\n<script type=\"application\/ld+json\" class=\"yoast-schema-graph\">{\"@context\":\"https:\\\/\\\/schema.org\",\"@graph\":[{\"@type\":\"WebPage\",\"@id\":\"https:\\\/\\\/pmza.sk\\\/?product=karol-cengel\",\"url\":\"https:\\\/\\\/pmza.sk\\\/?product=karol-cengel\",\"name\":\"Karol Cengel - Pova\u017esk\u00e9 m\u00fazeum\",\"isPartOf\":{\"@id\":\"https:\\\/\\\/pmza.sk\\\/#website\"},\"primaryImageOfPage\":{\"@id\":\"https:\\\/\\\/pmza.sk\\\/?product=karol-cengel#primaryimage\"},\"image\":{\"@id\":\"https:\\\/\\\/pmza.sk\\\/?product=karol-cengel#primaryimage\"},\"thumbnailUrl\":\"https:\\\/\\\/pmza.sk\\\/wp-content\\\/uploads\\\/2014\\\/06\\\/img121.jpg\",\"datePublished\":\"2004-06-17T08:50:03+00:00\",\"dateModified\":\"2022-07-01T06:13:34+00:00\",\"breadcrumb\":{\"@id\":\"https:\\\/\\\/pmza.sk\\\/?product=karol-cengel#breadcrumb\"},\"inLanguage\":\"sk-SK\",\"potentialAction\":[{\"@type\":\"ReadAction\",\"target\":[\"https:\\\/\\\/pmza.sk\\\/?product=karol-cengel\"]}]},{\"@type\":\"ImageObject\",\"inLanguage\":\"sk-SK\",\"@id\":\"https:\\\/\\\/pmza.sk\\\/?product=karol-cengel#primaryimage\",\"url\":\"https:\\\/\\\/pmza.sk\\\/wp-content\\\/uploads\\\/2014\\\/06\\\/img121.jpg\",\"contentUrl\":\"https:\\\/\\\/pmza.sk\\\/wp-content\\\/uploads\\\/2014\\\/06\\\/img121.jpg\",\"width\":1005,\"height\":1606},{\"@type\":\"BreadcrumbList\",\"@id\":\"https:\\\/\\\/pmza.sk\\\/?product=karol-cengel#breadcrumb\",\"itemListElement\":[{\"@type\":\"ListItem\",\"position\":1,\"name\":\"Domovsk\u00e1 str\u00e1nka\",\"item\":\"https:\\\/\\\/pmza.sk\\\/\"},{\"@type\":\"ListItem\",\"position\":2,\"name\":\"Obchod\",\"item\":\"https:\\\/\\\/pmza.sk\\\/?page_id=7\"},{\"@type\":\"ListItem\",\"position\":3,\"name\":\"Karol Cengel\"}]},{\"@type\":\"WebSite\",\"@id\":\"https:\\\/\\\/pmza.sk\\\/#website\",\"url\":\"https:\\\/\\\/pmza.sk\\\/\",\"name\":\"Pova\u017esk\u00e9 m\u00fazeum\",\"description\":\"Pova\u017esk\u00e9 m\u00fazeum v \u017diline je region\u00e1lne m\u00fazeum so s\u00eddlom v Budat\u00edne. Jeho expoz\u00edcie s\u00fa zameran\u00e9 na dejiny slovensk\u00e9ho umenia, kult\u00fary a dopravy.\",\"publisher\":{\"@id\":\"https:\\\/\\\/pmza.sk\\\/#organization\"},\"potentialAction\":[{\"@type\":\"SearchAction\",\"target\":{\"@type\":\"EntryPoint\",\"urlTemplate\":\"https:\\\/\\\/pmza.sk\\\/?s={search_term_string}\"},\"query-input\":{\"@type\":\"PropertyValueSpecification\",\"valueRequired\":true,\"valueName\":\"search_term_string\"}}],\"inLanguage\":\"sk-SK\"},{\"@type\":\"Organization\",\"@id\":\"https:\\\/\\\/pmza.sk\\\/#organization\",\"name\":\"Pova\u017esk\u00e9 m\u00fazeum\",\"url\":\"https:\\\/\\\/pmza.sk\\\/\",\"logo\":{\"@type\":\"ImageObject\",\"inLanguage\":\"sk-SK\",\"@id\":\"https:\\\/\\\/pmza.sk\\\/#\\\/schema\\\/logo\\\/image\\\/\",\"url\":\"https:\\\/\\\/pmza.sk\\\/wp-content\\\/uploads\\\/2022\\\/01\\\/logo_PM_horizontal.jpg\",\"contentUrl\":\"https:\\\/\\\/pmza.sk\\\/wp-content\\\/uploads\\\/2022\\\/01\\\/logo_PM_horizontal.jpg\",\"width\":231,\"height\":142,\"caption\":\"Pova\u017esk\u00e9 m\u00fazeum\"},\"image\":{\"@id\":\"https:\\\/\\\/pmza.sk\\\/#\\\/schema\\\/logo\\\/image\\\/\"},\"sameAs\":[\"https:\\\/\\\/www.facebook.com\\\/povazskemuzeum\",\"https:\\\/\\\/www.instagram.com\\\/povazskemuzeum\\\/\"]}]}<\/script>\n<!-- \/ Yoast SEO plugin. -->","yoast_head_json":{"title":"Karol Cengel - Pova\u017esk\u00e9 m\u00fazeum","robots":{"index":"index","follow":"follow","max-snippet":"max-snippet:-1","max-image-preview":"max-image-preview:large","max-video-preview":"max-video-preview:-1"},"canonical":"https:\/\/pmza.sk\/?product=karol-cengel","og_locale":"sk_SK","og_type":"article","og_title":"Karol Cengel - Pova\u017esk\u00e9 m\u00fazeum","og_description":"RNDr. Andrej Stollmann: Karol Cengel \u017dilina, Pova\u017esk\u00e9 m\u00fazeum, 2004, 20,5 x 13 cm, 24 s. Spomienka na v\u00fdznamn\u00e9ho pracovn\u00edka Pova\u017esk\u00e9ho m\u00fazea, prepar\u00e1tora Karola Cengela, ktor\u00fd zanechal v\u00fdznamn\u00fa stopu v dejin\u00e1ch mesta \u017diliny.","og_url":"https:\/\/pmza.sk\/?product=karol-cengel","og_site_name":"Pova\u017esk\u00e9 m\u00fazeum","article_publisher":"https:\/\/www.facebook.com\/povazskemuzeum","article_modified_time":"2022-07-01T06:13:34+00:00","og_image":[{"width":1005,"height":1606,"url":"https:\/\/pmza.sk\/wp-content\/uploads\/2014\/06\/img121.jpg","type":"image\/jpeg"}],"twitter_card":"summary_large_image","schema":{"@context":"https:\/\/schema.org","@graph":[{"@type":"WebPage","@id":"https:\/\/pmza.sk\/?product=karol-cengel","url":"https:\/\/pmza.sk\/?product=karol-cengel","name":"Karol Cengel - Pova\u017esk\u00e9 m\u00fazeum","isPartOf":{"@id":"https:\/\/pmza.sk\/#website"},"primaryImageOfPage":{"@id":"https:\/\/pmza.sk\/?product=karol-cengel#primaryimage"},"image":{"@id":"https:\/\/pmza.sk\/?product=karol-cengel#primaryimage"},"thumbnailUrl":"https:\/\/pmza.sk\/wp-content\/uploads\/2014\/06\/img121.jpg","datePublished":"2004-06-17T08:50:03+00:00","dateModified":"2022-07-01T06:13:34+00:00","breadcrumb":{"@id":"https:\/\/pmza.sk\/?product=karol-cengel#breadcrumb"},"inLanguage":"sk-SK","potentialAction":[{"@type":"ReadAction","target":["https:\/\/pmza.sk\/?product=karol-cengel"]}]},{"@type":"ImageObject","inLanguage":"sk-SK","@id":"https:\/\/pmza.sk\/?product=karol-cengel#primaryimage","url":"https:\/\/pmza.sk\/wp-content\/uploads\/2014\/06\/img121.jpg","contentUrl":"https:\/\/pmza.sk\/wp-content\/uploads\/2014\/06\/img121.jpg","width":1005,"height":1606},{"@type":"BreadcrumbList","@id":"https:\/\/pmza.sk\/?product=karol-cengel#breadcrumb","itemListElement":[{"@type":"ListItem","position":1,"name":"Domovsk\u00e1 str\u00e1nka","item":"https:\/\/pmza.sk\/"},{"@type":"ListItem","position":2,"name":"Obchod","item":"https:\/\/pmza.sk\/?page_id=7"},{"@type":"ListItem","position":3,"name":"Karol Cengel"}]},{"@type":"WebSite","@id":"https:\/\/pmza.sk\/#website","url":"https:\/\/pmza.sk\/","name":"Pova\u017esk\u00e9 m\u00fazeum","description":"Pova\u017esk\u00e9 m\u00fazeum v \u017diline je region\u00e1lne m\u00fazeum so s\u00eddlom v Budat\u00edne. Jeho expoz\u00edcie s\u00fa zameran\u00e9 na dejiny slovensk\u00e9ho umenia, kult\u00fary a dopravy.","publisher":{"@id":"https:\/\/pmza.sk\/#organization"},"potentialAction":[{"@type":"SearchAction","target":{"@type":"EntryPoint","urlTemplate":"https:\/\/pmza.sk\/?s={search_term_string}"},"query-input":{"@type":"PropertyValueSpecification","valueRequired":true,"valueName":"search_term_string"}}],"inLanguage":"sk-SK"},{"@type":"Organization","@id":"https:\/\/pmza.sk\/#organization","name":"Pova\u017esk\u00e9 m\u00fazeum","url":"https:\/\/pmza.sk\/","logo":{"@type":"ImageObject","inLanguage":"sk-SK","@id":"https:\/\/pmza.sk\/#\/schema\/logo\/image\/","url":"https:\/\/pmza.sk\/wp-content\/uploads\/2022\/01\/logo_PM_horizontal.jpg","contentUrl":"https:\/\/pmza.sk\/wp-content\/uploads\/2022\/01\/logo_PM_horizontal.jpg","width":231,"height":142,"caption":"Pova\u017esk\u00e9 m\u00fazeum"},"image":{"@id":"https:\/\/pmza.sk\/#\/schema\/logo\/image\/"},"sameAs":["https:\/\/www.facebook.com\/povazskemuzeum","https:\/\/www.instagram.com\/povazskemuzeum\/"]}]}},"_links":{"self":[{"href":"https:\/\/pmza.sk\/index.php?rest_route=\/wp\/v2\/product\/13333","targetHints":{"allow":["GET"]}}],"collection":[{"href":"https:\/\/pmza.sk\/index.php?rest_route=\/wp\/v2\/product"}],"about":[{"href":"https:\/\/pmza.sk\/index.php?rest_route=\/wp\/v2\/types\/product"}],"wp:featuredmedia":[{"embeddable":true,"href":"https:\/\/pmza.sk\/index.php?rest_route=\/wp\/v2\/media\/13369"}],"wp:attachment":[{"href":"https:\/\/pmza.sk\/index.php?rest_route=%2Fwp%2Fv2%2Fmedia&parent=13333"}],"wp:term":[{"taxonomy":"product_cat","embeddable":true,"href":"https:\/\/pmza.sk\/index.php?rest_route=%2Fwp%2Fv2%2Fproduct_cat&post=13333"},{"taxonomy":"product_tag","embeddable":true,"href":"https:\/\/pmza.sk\/index.php?rest_route=%2Fwp%2Fv2%2Fproduct_tag&post=13333"}],"curies":[{"name":"wp","href":"https:\/\/api.w.org\/{rel}","templated":true}]}}

<p>RNDr. Andrej Stollmann:</p>
<p><strong>Karol Cengel</strong></p>
<p>Žilina, Považské múzeum, 2004,</p>
<p>20,5 x 13 cm, 24 s.</p>
<p>Spomienka na významného pracovníka Považského múzea, preparátora Karola Cengela, ktorý zanechal významnú stopu v dejinách mesta Žiliny.</p>

<p>RNDr. Andrej Stollmann: Karol Cengel Žilina, Považské múzeum, 2004, 20,5 x 13 cm, 24 s. Spomienka na významného pracovníka Považského múzea, preparátora Karola Cengela, ktorý zanechal významnú stopu v dejinách mesta Žiliny.</p>

<!-- This site is optimized with the Yoast SEO plugin v27.4 - https://yoast.com/product/yoast-seo-wordpress/ -->
<title>Karol Cengel - Považské múzeum</title>
<meta name="robots" content="index, follow, max-snippet:-1, max-image-preview:large, max-video-preview:-1" />
<link rel="canonical" href="https://pmza.sk/?product=karol-cengel" />
<meta property="og:locale" content="sk_SK" />
<meta property="og:type" content="article" />
<meta property="og:title" content="Karol Cengel - Považské múzeum" />
<meta property="og:description" content="RNDr. Andrej Stollmann: Karol Cengel Žilina, Považské múzeum, 2004, 20,5 x 13 cm, 24 s. Spomienka na významného pracovníka Považského múzea, preparátora Karola Cengela, ktorý zanechal významnú stopu v dejinách mesta Žiliny." />
<meta property="og:url" content="https://pmza.sk/?product=karol-cengel" />
<meta property="og:site_name" content="Považské múzeum" />
<meta property="article:publisher" content="https://www.facebook.com/povazskemuzeum" />
<meta property="article:modified_time" content="2022-07-01T06:13:34+00:00" />
<meta property="og:image" content="https://pmza.sk/wp-content/uploads/2014/06/img121.jpg" />
	<meta property="og:image:width" content="1005" />
	<meta property="og:image:height" content="1606" />
	<meta property="og:image:type" content="image/jpeg" />
<meta name="twitter:card" content="summary_large_image" />
<script type="application/ld+json" class="yoast-schema-graph">{"@context":"https:\/\/schema.org","@graph":[{"@type":"WebPage","@id":"https:\/\/pmza.sk\/?product=karol-cengel","url":"https:\/\/pmza.sk\/?product=karol-cengel","name":"Karol Cengel - Považské múzeum","isPartOf":{"@id":"https:\/\/pmza.sk\/#website"},"primaryImageOfPage":{"@id":"https:\/\/pmza.sk\/?product=karol-cengel#primaryimage"},"image":{"@id":"https:\/\/pmza.sk\/?product=karol-cengel#primaryimage"},"thumbnailUrl":"https:\/\/pmza.sk\/wp-content\/uploads\/2014\/06\/img121.jpg","datePublished":"2004-06-17T08:50:03+00:00","dateModified":"2022-07-01T06:13:34+00:00","breadcrumb":{"@id":"https:\/\/pmza.sk\/?product=karol-cengel#breadcrumb"},"inLanguage":"sk-SK","potentialAction":[{"@type":"ReadAction","target":["https:\/\/pmza.sk\/?product=karol-cengel"]}]},{"@type":"ImageObject","inLanguage":"sk-SK","@id":"https:\/\/pmza.sk\/?product=karol-cengel#primaryimage","url":"https:\/\/pmza.sk\/wp-content\/uploads\/2014\/06\/img121.jpg","contentUrl":"https:\/\/pmza.sk\/wp-content\/uploads\/2014\/06\/img121.jpg","width":1005,"height":1606},{"@type":"BreadcrumbList","@id":"https:\/\/pmza.sk\/?product=karol-cengel#breadcrumb","itemListElement":[{"@type":"ListItem","position":1,"name":"Domovská stránka","item":"https:\/\/pmza.sk\/"},{"@type":"ListItem","position":2,"name":"Obchod","item":"https:\/\/pmza.sk\/?page_id=7"},{"@type":"ListItem","position":3,"name":"Karol Cengel"}]},{"@type":"WebSite","@id":"https:\/\/pmza.sk\/#website","url":"https:\/\/pmza.sk\/","name":"Považské múzeum","description":"Považské múzeum v Žiline je regionálne múzeum so sídlom v Budatíne. Jeho expozície sú zamerané na dejiny slovenského umenia, kultúry a dopravy.","publisher":{"@id":"https:\/\/pmza.sk\/#organization"},"potentialAction":[{"@type":"SearchAction","target":{"@type":"EntryPoint","urlTemplate":"https:\/\/pmza.sk\/?s={search_term_string}"},"query-input":{"@type":"PropertyValueSpecification","valueRequired":true,"valueName":"search_term_string"}}],"inLanguage":"sk-SK"},{"@type":"Organization","@id":"https:\/\/pmza.sk\/#organization","name":"Považské múzeum","url":"https:\/\/pmza.sk\/","logo":{"@type":"ImageObject","inLanguage":"sk-SK","@id":"https:\/\/pmza.sk\/#\/schema\/logo\/image\/","url":"https:\/\/pmza.sk\/wp-content\/uploads\/2022\/01\/logo_PM_horizontal.jpg","contentUrl":"https:\/\/pmza.sk\/wp-content\/uploads\/2022\/01\/logo_PM_horizontal.jpg","width":231,"height":142,"caption":"Považské múzeum"},"image":{"@id":"https:\/\/pmza.sk\/#\/schema\/logo\/image\/"},"sameAs":["https:\/\/www.facebook.com\/povazskemuzeum","https:\/\/www.instagram.com\/povazskemuzeum\/"]}]}</script>
<!-- / Yoast SEO plugin. -->

Karol Cengel - Považské múzeum

RNDr. Andrej Stollmann: Karol Cengel Žilina, Považské múzeum, 2004, 20,5 x 13 cm, 24 s. Spomienka na významného pracovníka Považského múzea, preparátora Karola Cengela, ktorý zanechal významnú stopu v dejinách mesta Žiliny.

Považské múzeum

Domovská stránka

Považské múzeum v Žiline je regionálne múzeum so sídlom v Budatíne. Jeho expozície sú zamerané na dejiny slovenského umenia, kultúry a dopravy.
